Last updated on 2022-08-15 08:49:51 CEST.
Flavor | Version | Tinstall | Tcheck | Ttotal | Status | Flags |
---|---|---|---|---|---|---|
r-devel-linux-x86_64-debian-clang | 0.5.0 | 5.33 | 47.44 | 52.77 | NOTE | |
r-devel-linux-x86_64-debian-gcc | 0.5.0 | 4.25 | 36.00 | 40.25 | NOTE | |
r-devel-linux-x86_64-fedora-clang | 0.5.0 | 73.80 | NOTE | |||
r-devel-linux-x86_64-fedora-gcc | 0.5.0 | 70.96 | NOTE | |||
r-devel-windows-x86_64 | 0.5.0 | 34.00 | 77.00 | 111.00 | NOTE | |
r-patched-linux-x86_64 | 0.5.0 | 6.70 | 44.91 | 51.61 | NOTE | |
r-release-linux-x86_64 | 0.5.0 | 5.15 | 44.35 | 49.50 | NOTE | |
r-release-macos-arm64 | 0.5.0 | 26.00 | NOTE | |||
r-release-macos-x86_64 | 0.5.0 | 50.00 | NOTE | |||
r-release-windows-x86_64 | 0.5.0 | 30.00 | 76.00 | 106.00 | NOTE | |
r-oldrel-macos-arm64 | 0.5.0 | 28.00 | NOTE | |||
r-oldrel-macos-x86_64 | 0.5.0 | 57.00 | NOTE | |||
r-oldrel-windows-ix86+x86_64 | 0.5.0 | 23.00 | 64.00 | 87.00 | NOTE |
Version: 0.5.0
Check: LazyData
Result: NOTE
'LazyData' is specified without a 'data' directory
Flavors: r-devel-linux-x86_64-debian-clang, r-devel-linux-x86_64-debian-gcc, r-devel-linux-x86_64-fedora-clang, r-devel-linux-x86_64-fedora-gcc, r-devel-windows-x86_64, r-patched-linux-x86_64, r-release-linux-x86_64, r-release-macos-arm64, r-release-macos-x86_64, r-release-windows-x86_64, r-oldrel-macos-arm64, r-oldrel-macos-x86_64, r-oldrel-windows-ix86+x86_64
Version: 0.5.0
Check: Rd cross-references
Result: NOTE
Undeclared package ‘bigrquery’ in Rd xrefs
Flavor: r-devel-linux-x86_64-fedora-clang