Last updated on 2022-08-15 08:49:51 CEST.
Flavor | Version | Tinstall | Tcheck | Ttotal | Status | Flags |
---|---|---|---|---|---|---|
r-devel-linux-x86_64-debian-clang | 0.0.1 | 34.93 | 36.68 | 71.61 | OK | |
r-devel-linux-x86_64-debian-gcc | 0.0.1 | 29.88 | 28.36 | 58.24 | OK | |
r-devel-linux-x86_64-fedora-clang | 0.0.1 | 114.39 | NOTE | |||
r-devel-linux-x86_64-fedora-gcc | 0.0.1 | 105.23 | NOTE | |||
r-devel-windows-x86_64 | 0.0.1 | 42.00 | 79.00 | 121.00 | OK | |
r-patched-linux-x86_64 | 0.0.1 | 32.37 | 35.98 | 68.35 | OK | |
r-release-linux-x86_64 | 0.0.1 | 33.82 | 35.83 | 69.65 | OK | |
r-release-macos-arm64 | 0.0.1 | 33.00 | NOTE | |||
r-release-macos-x86_64 | 0.0.1 | 41.00 | NOTE | |||
r-release-windows-x86_64 | 0.0.1 | 37.00 | 79.00 | 116.00 | OK | |
r-oldrel-macos-arm64 | 0.0.1 | 42.00 | NOTE | |||
r-oldrel-macos-x86_64 | 0.0.1 | 57.00 | NOTE | |||
r-oldrel-windows-ix86+x86_64 | 0.0.1 | 96.00 | 80.00 | 176.00 | OK |
Version: 0.0.1
Check: dependencies in R code
Result: NOTE
Namespace in Imports field not imported from: ‘survival’
All declared Imports should be used.
Flavors: r-devel-linux-x86_64-fedora-clang, r-devel-linux-x86_64-fedora-gcc, r-release-macos-arm64, r-release-macos-x86_64, r-oldrel-macos-arm64, r-oldrel-macos-x86_64