Last updated on 2022-08-15 08:49:51 CEST.
Flavor | Version | Tinstall | Tcheck | Ttotal | Status | Flags |
---|---|---|---|---|---|---|
r-devel-linux-x86_64-debian-clang | 0.6.4 | 5.58 | 54.39 | 59.97 | NOTE | |
r-devel-linux-x86_64-debian-gcc | 0.6.4 | 4.09 | 41.41 | 45.50 | NOTE | |
r-devel-linux-x86_64-fedora-clang | 0.6.4 | 83.34 | NOTE | |||
r-devel-linux-x86_64-fedora-gcc | 0.6.4 | 86.58 | NOTE | |||
r-devel-windows-x86_64 | 0.6.4 | 10.00 | 77.00 | 87.00 | NOTE | |
r-patched-linux-x86_64 | 0.6.4 | 4.17 | 53.49 | 57.66 | NOTE | |
r-release-linux-x86_64 | 0.6.4 | 5.30 | 53.10 | 58.40 | NOTE | |
r-release-macos-arm64 | 0.6.4 | 27.00 | NOTE | |||
r-release-macos-x86_64 | 0.6.4 | 38.00 | NOTE | |||
r-release-windows-x86_64 | 0.6.4 | 24.00 | 100.00 | 124.00 | NOTE | |
r-oldrel-macos-arm64 | 0.6.4 | 30.00 | NOTE | |||
r-oldrel-macos-x86_64 | 0.6.4 | 39.00 | NOTE | |||
r-oldrel-windows-ix86+x86_64 | 0.6.4 | 14.00 | 94.00 | 108.00 | NOTE |
Version: 0.6.4
Check: package dependencies
Result: NOTE
Package suggested but not available for checking: 'rrelaxiv'
Flavors: r-devel-linux-x86_64-debian-clang, r-devel-linux-x86_64-debian-gcc, r-devel-linux-x86_64-fedora-clang, r-devel-linux-x86_64-fedora-gcc, r-devel-windows-x86_64, r-patched-linux-x86_64, r-release-linux-x86_64, r-release-macos-arm64, r-release-macos-x86_64, r-release-windows-x86_64, r-oldrel-macos-arm64, r-oldrel-macos-x86_64, r-oldrel-windows-ix86+x86_64