Last updated on 2022-08-15 08:49:51 CEST.
Flavor | Version | Tinstall | Tcheck | Ttotal | Status | Flags |
---|---|---|---|---|---|---|
r-devel-linux-x86_64-debian-clang | 4.6.1 | 78.94 | 48.52 | 127.46 | OK | |
r-devel-linux-x86_64-debian-gcc | 4.6.1 | 70.71 | 37.72 | 108.43 | OK | |
r-devel-linux-x86_64-fedora-clang | 4.6.1 | 189.13 | OK | |||
r-devel-linux-x86_64-fedora-gcc | 4.6.1 | 187.18 | OK | |||
r-devel-windows-x86_64 | 4.6.1 | 148.00 | 99.00 | 247.00 | OK | |
r-patched-linux-x86_64 | 4.6.1 | 73.83 | 46.74 | 120.57 | OK | |
r-release-linux-x86_64 | 4.6.1 | 71.51 | 46.73 | 118.24 | OK | |
r-release-macos-arm64 | 4.6.1 | 51.00 | NOTE | |||
r-release-macos-x86_64 | 4.6.1 | 78.00 | NOTE | |||
r-release-windows-x86_64 | 4.6.1 | 167.00 | 99.00 | 266.00 | OK | |
r-oldrel-macos-arm64 | 4.6.1 | 49.00 | NOTE | |||
r-oldrel-macos-x86_64 | 4.6.1 | 67.00 | NOTE | |||
r-oldrel-windows-ix86+x86_64 | 4.6.1 | 208.00 | 105.00 | 313.00 | OK |
Version: 4.6.1
Check: installed package size
Result: NOTE
installed size is 7.2Mb
sub-directories of 1Mb or more:
libs 6.8Mb
Flavors: r-release-macos-arm64, r-release-macos-x86_64, r-oldrel-macos-arm64, r-oldrel-macos-x86_64