Last updated on 2022-08-15 08:49:51 CEST.
Flavor | Version | Tinstall | Tcheck | Ttotal | Status | Flags |
---|---|---|---|---|---|---|
r-devel-linux-x86_64-debian-clang | 0.2.1 | 71.44 | 65.79 | 137.23 | OK | |
r-devel-linux-x86_64-debian-gcc | 0.2.1 | 59.81 | 49.91 | 109.72 | OK | |
r-devel-linux-x86_64-fedora-clang | 0.2.1 | 200.17 | OK | |||
r-devel-linux-x86_64-fedora-gcc | 0.2.1 | 185.52 | OK | |||
r-devel-windows-x86_64 | 0.2.1 | 83.00 | 110.00 | 193.00 | OK | |
r-patched-linux-x86_64 | 0.2.1 | 62.65 | 63.04 | 125.69 | OK | |
r-release-linux-x86_64 | 0.2.1 | 59.06 | 63.46 | 122.52 | OK | |
r-release-macos-arm64 | 0.2.1 | 54.00 | NOTE | |||
r-release-macos-x86_64 | 0.2.1 | 86.00 | NOTE | |||
r-release-windows-x86_64 | 0.2.1 | 94.00 | 121.00 | 215.00 | OK | |
r-oldrel-macos-arm64 | 0.2.1 | 55.00 | NOTE | |||
r-oldrel-macos-x86_64 | 0.2.1 | 74.00 | NOTE | |||
r-oldrel-windows-ix86+x86_64 | 0.2.1 | 173.00 | 129.00 | 302.00 | OK |
Version: 0.2.1
Check: installed package size
Result: NOTE
installed size is 6.6Mb
sub-directories of 1Mb or more:
help 1.5Mb
libs 4.8Mb
Flavors: r-release-macos-arm64, r-release-macos-x86_64, r-oldrel-macos-arm64, r-oldrel-macos-x86_64