Last updated on 2022-08-15 08:49:51 CEST.
Flavor | Version | Tinstall | Tcheck | Ttotal | Status | Flags |
---|---|---|---|---|---|---|
r-devel-linux-x86_64-debian-clang | 0.3.1 | 7.67 | 105.12 | 112.79 | OK | |
r-devel-linux-x86_64-debian-gcc | 0.3.1 | 5.97 | 77.79 | 83.76 | OK | |
r-devel-linux-x86_64-fedora-clang | 0.3.1 | 141.68 | NOTE | |||
r-devel-linux-x86_64-fedora-gcc | 0.3.1 | 135.75 | OK | |||
r-devel-windows-x86_64 | 0.3.1 | 78.00 | 167.00 | 245.00 | OK | |
r-patched-linux-x86_64 | 0.3.1 | 9.08 | 97.58 | 106.66 | OK | |
r-release-linux-x86_64 | 0.3.1 | 7.37 | 97.55 | 104.92 | OK | |
r-release-macos-arm64 | 0.3.1 | 45.00 | NOTE | |||
r-release-macos-x86_64 | 0.3.1 | 82.00 | NOTE | |||
r-release-windows-x86_64 | 0.3.1 | 178.00 | 170.00 | 348.00 | OK | |
r-oldrel-macos-arm64 | 0.3.1 | 1241.00 | NOTE | |||
r-oldrel-macos-x86_64 | 0.3.1 | 100.00 | NOTE | |||
r-oldrel-windows-ix86+x86_64 | 0.3.1 | 21.00 | 150.00 | 171.00 | OK |
Version: 0.3.1
Check: installed package size
Result: NOTE
installed size is 5.2Mb
sub-directories of 1Mb or more:
doc 3.5Mb
Flavors: r-devel-linux-x86_64-fedora-clang, r-release-macos-arm64, r-release-macos-x86_64, r-oldrel-macos-arm64, r-oldrel-macos-x86_64