Last updated on 2022-08-15 08:49:51 CEST.
Flavor | Version | Tinstall | Tcheck | Ttotal | Status | Flags |
---|---|---|---|---|---|---|
r-devel-linux-x86_64-debian-clang | 0.2.2 | 28.14 | 28.64 | 56.78 | NOTE | |
r-devel-linux-x86_64-debian-gcc | 0.2.2 | 23.89 | 22.22 | 46.11 | NOTE | |
r-devel-linux-x86_64-fedora-clang | 0.2.2 | 91.31 | NOTE | |||
r-devel-linux-x86_64-fedora-gcc | 0.2.2 | 84.58 | NOTE | |||
r-devel-windows-x86_64 | 0.2.2 | 35.00 | 74.00 | 109.00 | NOTE | |
r-patched-linux-x86_64 | 0.2.2 | 25.61 | 28.90 | 54.51 | NOTE | |
r-release-linux-x86_64 | 0.2.2 | 22.96 | 27.73 | 50.69 | NOTE | |
r-release-macos-arm64 | 0.2.2 | 26.00 | NOTE | |||
r-release-macos-x86_64 | 0.2.2 | 35.00 | NOTE | |||
r-release-windows-x86_64 | 0.2.2 | 35.00 | 74.00 | 109.00 | NOTE | |
r-oldrel-macos-arm64 | 0.2.2 | 32.00 | NOTE | |||
r-oldrel-macos-x86_64 | 0.2.2 | 47.00 | NOTE | |||
r-oldrel-windows-ix86+x86_64 | 0.2.2 | 78.00 | 76.00 | 154.00 | NOTE |
Version: 0.2.2
Check: LazyData
Result: NOTE
'LazyData' is specified without a 'data' directory
Flavors: r-devel-linux-x86_64-debian-clang, r-devel-linux-x86_64-debian-gcc, r-devel-linux-x86_64-fedora-clang, r-devel-linux-x86_64-fedora-gcc, r-devel-windows-x86_64, r-patched-linux-x86_64, r-release-linux-x86_64, r-release-macos-arm64, r-release-macos-x86_64, r-release-windows-x86_64, r-oldrel-macos-arm64, r-oldrel-macos-x86_64, r-oldrel-windows-ix86+x86_64