Last updated on 2022-08-15 08:49:51 CEST.
Flavor | Version | Tinstall | Tcheck | Ttotal | Status | Flags |
---|---|---|---|---|---|---|
r-devel-linux-x86_64-debian-clang | 0.2.8 | 108.05 | 59.64 | 167.69 | OK | |
r-devel-linux-x86_64-debian-gcc | 0.2.8 | 88.29 | 44.95 | 133.24 | OK | |
r-devel-linux-x86_64-fedora-clang | 0.2.8 | 261.52 | OK | |||
r-devel-linux-x86_64-fedora-gcc | 0.2.8 | 228.28 | OK | |||
r-devel-windows-x86_64 | 0.2.8 | 109.00 | 115.00 | 224.00 | OK | |
r-patched-linux-x86_64 | 0.2.8 | 86.47 | 57.03 | 143.50 | OK | |
r-release-linux-x86_64 | 0.2.8 | 91.95 | 58.50 | 150.45 | OK | |
r-release-macos-arm64 | 0.2.8 | 67.00 | NOTE | |||
r-release-macos-x86_64 | 0.2.8 | 84.00 | NOTE | |||
r-release-windows-x86_64 | 0.2.8 | 102.00 | 117.00 | 219.00 | OK | |
r-oldrel-macos-arm64 | 0.2.8 | 58.00 | NOTE | |||
r-oldrel-macos-x86_64 | 0.2.8 | 83.00 | NOTE | |||
r-oldrel-windows-ix86+x86_64 | 0.2.8 | 267.00 | 118.00 | 385.00 | NOTE |
Version: 0.2.8
Check: installed package size
Result: NOTE
installed size is 6.0Mb
sub-directories of 1Mb or more:
libs 4.5Mb
Flavors: r-release-macos-arm64, r-release-macos-x86_64, r-oldrel-macos-arm64, r-oldrel-macos-x86_64, r-oldrel-windows-ix86+x86_64