Last updated on 2022-08-15 08:49:51 CEST.
Flavor | Version | Tinstall | Tcheck | Ttotal | Status | Flags |
---|---|---|---|---|---|---|
r-devel-linux-x86_64-debian-clang | 3.6.0 | 15.08 | 122.41 | 137.49 | OK | |
r-devel-linux-x86_64-debian-gcc | 3.6.0 | 11.97 | 89.79 | 101.76 | OK | |
r-devel-linux-x86_64-fedora-clang | 3.6.0 | 168.21 | NOTE | |||
r-devel-linux-x86_64-fedora-gcc | 3.6.0 | 165.54 | NOTE | |||
r-devel-windows-x86_64 | 3.6.0 | 197.00 | 157.00 | 354.00 | OK | |
r-patched-linux-x86_64 | 3.6.0 | 12.23 | 118.17 | 130.40 | OK | |
r-release-linux-x86_64 | 3.6.0 | 11.69 | 115.22 | 126.91 | OK | |
r-release-macos-arm64 | 3.6.0 | 50.00 | NOTE | |||
r-release-macos-x86_64 | 3.6.0 | 90.00 | NOTE | |||
r-release-windows-x86_64 | 3.6.0 | 134.00 | 160.00 | 294.00 | OK | |
r-oldrel-macos-arm64 | 3.6.0 | 45.00 | NOTE | |||
r-oldrel-macos-x86_64 | 3.6.0 | 70.00 | NOTE | |||
r-oldrel-windows-ix86+x86_64 | 3.6.0 | 37.00 | 152.00 | 189.00 | OK |
Version: 3.6.0
Check: dependencies in R code
Result: NOTE
Namespace in Imports field not imported from: ‘pkgload’
All declared Imports should be used.
Flavors: r-devel-linux-x86_64-fedora-clang, r-devel-linux-x86_64-fedora-gcc, r-release-macos-arm64, r-release-macos-x86_64, r-oldrel-macos-arm64, r-oldrel-macos-x86_64