Last updated on 2022-08-15 08:49:52 CEST.
Flavor | Version | Tinstall | Tcheck | Ttotal | Status | Flags |
---|---|---|---|---|---|---|
r-devel-linux-x86_64-debian-clang | 1.0.1 | 9.11 | 86.38 | 95.49 | NOTE | |
r-devel-linux-x86_64-debian-gcc | 1.0.1 | 6.11 | 61.93 | 68.04 | NOTE | |
r-devel-linux-x86_64-fedora-clang | 1.0.1 | 120.47 | NOTE | |||
r-devel-linux-x86_64-fedora-gcc | 1.0.1 | 113.50 | NOTE | |||
r-devel-windows-x86_64 | 1.0.1 | 17.00 | 100.00 | 117.00 | NOTE | |
r-patched-linux-x86_64 | 1.0.1 | 6.82 | 78.39 | 85.21 | NOTE | |
r-release-linux-x86_64 | 1.0.1 | 6.58 | 75.76 | 82.34 | NOTE | |
r-release-macos-arm64 | 1.0.1 | 34.00 | NOTE | |||
r-release-macos-x86_64 | 1.0.1 | 46.00 | NOTE | |||
r-release-windows-x86_64 | 1.0.1 | 15.00 | 99.00 | 114.00 | NOTE | |
r-oldrel-macos-arm64 | 1.0.1 | 36.00 | NOTE | |||
r-oldrel-macos-x86_64 | 1.0.1 | 73.00 | NOTE | |||
r-oldrel-windows-ix86+x86_64 | 1.0.1 | 17.00 | 95.00 | 112.00 | NOTE |
Version: 1.0.1
Check: LazyData
Result: NOTE
'LazyData' is specified without a 'data' directory
Flavors: r-devel-linux-x86_64-debian-clang, r-devel-linux-x86_64-debian-gcc, r-devel-linux-x86_64-fedora-clang, r-devel-linux-x86_64-fedora-gcc, r-devel-windows-x86_64, r-patched-linux-x86_64, r-release-linux-x86_64, r-release-macos-arm64, r-release-macos-x86_64, r-release-windows-x86_64, r-oldrel-macos-arm64, r-oldrel-macos-x86_64, r-oldrel-windows-ix86+x86_64