Last updated on 2022-08-15 08:49:52 CEST.
Flavor | Version | Tinstall | Tcheck | Ttotal | Status | Flags |
---|---|---|---|---|---|---|
r-devel-linux-x86_64-debian-clang | 1.1.1 | 182.34 | 136.77 | 319.11 | NOTE | |
r-devel-linux-x86_64-debian-gcc | 1.1.1 | 141.38 | 108.21 | 249.59 | NOTE | |
r-devel-linux-x86_64-fedora-clang | 1.1.1 | 380.12 | NOTE | |||
r-devel-linux-x86_64-fedora-gcc | 1.1.1 | 418.35 | NOTE | |||
r-devel-windows-x86_64 | 1.1.1 | 228.00 | 212.00 | 440.00 | NOTE | |
r-patched-linux-x86_64 | 1.1.1 | 122.86 | 139.49 | 262.35 | NOTE | |
r-release-linux-x86_64 | 1.1.1 | 118.75 | 139.99 | 258.74 | NOTE | |
r-release-macos-arm64 | 1.1.1 | 133.00 | NOTE | |||
r-release-macos-x86_64 | 1.1.1 | 207.00 | NOTE | |||
r-release-windows-x86_64 | 1.1.1 | 206.00 | 205.00 | 411.00 | NOTE | |
r-oldrel-macos-arm64 | 1.1.1 | 94.00 | NOTE | |||
r-oldrel-macos-x86_64 | 1.1.1 | 143.00 | NOTE | |||
r-oldrel-windows-ix86+x86_64 | 1.1.1 | 384.00 | 257.00 | 641.00 | NOTE |
Version: 1.1.1
Check: for GNU extensions in Makefiles
Result: NOTE
GNU make is a SystemRequirements.
Flavors: r-devel-linux-x86_64-debian-clang, r-devel-linux-x86_64-debian-gcc, r-devel-linux-x86_64-fedora-clang, r-devel-linux-x86_64-fedora-gcc, r-devel-windows-x86_64, r-patched-linux-x86_64, r-release-linux-x86_64, r-release-macos-arm64, r-release-macos-x86_64, r-release-windows-x86_64, r-oldrel-macos-arm64, r-oldrel-macos-x86_64, r-oldrel-windows-ix86+x86_64
Version: 1.1.1
Check: dependencies in R code
Result: NOTE
Namespaces in Imports field not imported from:
‘RcppParallel’ ‘magrittr’
All declared Imports should be used.
Flavors: r-devel-linux-x86_64-fedora-clang, r-devel-linux-x86_64-fedora-gcc, r-release-macos-arm64, r-release-macos-x86_64, r-oldrel-macos-arm64, r-oldrel-macos-x86_64
Version: 1.1.1
Check: installed package size
Result: NOTE
installed size is 38.6Mb
sub-directories of 1Mb or more:
libs 37.6Mb
Flavors: r-release-macos-arm64, r-release-macos-x86_64, r-oldrel-macos-arm64, r-oldrel-macos-x86_64, r-oldrel-windows-ix86+x86_64