Last updated on 2022-08-15 08:49:52 CEST.
Flavor | Version | Tinstall | Tcheck | Ttotal | Status | Flags |
---|---|---|---|---|---|---|
r-devel-linux-x86_64-debian-clang | 0.3.1 | 9.49 | 78.18 | 87.67 | NOTE | |
r-devel-linux-x86_64-debian-gcc | 0.3.1 | 7.10 | 58.02 | 65.12 | NOTE | |
r-devel-linux-x86_64-fedora-clang | 0.3.1 | 112.20 | NOTE | |||
r-devel-linux-x86_64-fedora-gcc | 0.3.1 | 112.64 | NOTE | |||
r-devel-windows-x86_64 | 0.3.1 | 49.00 | 124.00 | 173.00 | NOTE | |
r-patched-linux-x86_64 | 0.3.1 | 9.00 | 74.33 | 83.33 | NOTE | |
r-release-linux-x86_64 | 0.3.1 | 8.30 | 73.78 | 82.08 | NOTE | |
r-release-macos-arm64 | 0.3.1 | 46.00 | NOTE | |||
r-release-macos-x86_64 | 0.3.1 | 75.00 | NOTE | |||
r-release-windows-x86_64 | 0.3.1 | 71.00 | 131.00 | 202.00 | NOTE | |
r-oldrel-macos-arm64 | 0.3.1 | 52.00 | NOTE | |||
r-oldrel-macos-x86_64 | 0.3.1 | 89.00 | NOTE | |||
r-oldrel-windows-ix86+x86_64 | 0.3.1 | 21.00 | 114.00 | 135.00 | NOTE |
Version: 0.3.1
Check: LazyData
Result: NOTE
'LazyData' is specified without a 'data' directory
Flavors: r-devel-linux-x86_64-debian-clang, r-devel-linux-x86_64-debian-gcc, r-devel-linux-x86_64-fedora-clang, r-devel-linux-x86_64-fedora-gcc, r-devel-windows-x86_64, r-patched-linux-x86_64, r-release-linux-x86_64, r-release-macos-arm64, r-release-macos-x86_64, r-release-windows-x86_64, r-oldrel-macos-arm64, r-oldrel-macos-x86_64, r-oldrel-windows-ix86+x86_64