Last updated on 2022-08-15 08:49:52 CEST.
Flavor | Version | Tinstall | Tcheck | Ttotal | Status | Flags |
---|---|---|---|---|---|---|
r-devel-linux-x86_64-debian-clang | 0.20.21 | 46.70 | 99.66 | 146.36 | OK | |
r-devel-linux-x86_64-debian-gcc | 0.20.21 | 39.39 | 73.10 | 112.49 | OK | |
r-devel-linux-x86_64-fedora-clang | 0.20.21 | 203.98 | NOTE | |||
r-devel-linux-x86_64-fedora-gcc | 0.20.21 | 203.32 | OK | |||
r-devel-windows-x86_64 | 0.20.21 | 68.00 | 139.00 | 207.00 | OK | |
r-patched-linux-x86_64 | 0.20.21 | 45.18 | 91.46 | 136.64 | OK | |
r-release-linux-x86_64 | 0.20.21 | 39.99 | 92.29 | 132.28 | OK | |
r-release-macos-arm64 | 0.20.21 | 51.00 | OK | |||
r-release-macos-x86_64 | 0.20.21 | 90.00 | OK | |||
r-release-windows-x86_64 | 0.20.21 | 61.00 | 148.00 | 209.00 | OK | |
r-oldrel-macos-arm64 | 0.20.21 | 56.00 | OK | |||
r-oldrel-macos-x86_64 | 0.20.21 | 94.00 | OK | |||
r-oldrel-windows-ix86+x86_64 | 0.20.21 | 140.00 | 175.00 | 315.00 | OK |
Version: 0.20.21
Check: Rd cross-references
Result: NOTE
Undeclared package ‘RColorBrewer’ in Rd xrefs
Flavor: r-devel-linux-x86_64-fedora-clang