Last updated on 2022-08-15 08:49:52 CEST.
Flavor | Version | Tinstall | Tcheck | Ttotal | Status | Flags |
---|---|---|---|---|---|---|
r-devel-linux-x86_64-debian-clang | 1.0.11 | 5.20 | 83.99 | 89.19 | OK | |
r-devel-linux-x86_64-debian-gcc | 1.0.11 | 4.04 | 60.33 | 64.37 | OK | |
r-devel-linux-x86_64-fedora-clang | 1.0.11 | 115.50 | NOTE | |||
r-devel-linux-x86_64-fedora-gcc | 1.0.11 | 111.86 | NOTE | |||
r-devel-windows-x86_64 | 1.0.11 | 35.00 | 150.00 | 185.00 | OK | |
r-patched-linux-x86_64 | 1.0.11 | 5.16 | 79.43 | 84.59 | OK | |
r-release-linux-x86_64 | 1.0.11 | 4.66 | 77.43 | 82.09 | OK | |
r-release-macos-arm64 | 1.0.11 | 47.00 | OK | |||
r-release-macos-x86_64 | 1.0.11 | 53.00 | OK | |||
r-release-windows-x86_64 | 1.0.11 | 34.00 | 162.00 | 196.00 | OK | |
r-oldrel-macos-arm64 | 1.0.11 | 44.00 | OK | |||
r-oldrel-macos-x86_64 | 1.0.11 | 66.00 | OK | |||
r-oldrel-windows-ix86+x86_64 | 1.0.11 | 24.00 | 195.00 | 219.00 | OK |
Version: 1.0.11
Check: package dependencies
Result: NOTE
Package suggested but not available for checking: ‘RQuantLib’
Flavors: r-devel-linux-x86_64-fedora-clang, r-devel-linux-x86_64-fedora-gcc