Last updated on 2022-08-15 08:49:52 CEST.
Flavor | Version | Tinstall | Tcheck | Ttotal | Status | Flags |
---|---|---|---|---|---|---|
r-devel-linux-x86_64-debian-clang | 1.1.3 | 16.78 | 279.46 | 296.24 | OK | |
r-devel-linux-x86_64-debian-gcc | 1.1.3 | 10.58 | 204.25 | 214.83 | OK | |
r-devel-linux-x86_64-fedora-clang | 1.1.3 | 354.51 | OK | |||
r-devel-linux-x86_64-fedora-gcc | 1.1.3 | 398.50 | OK | |||
r-devel-windows-x86_64 | 1.1.3 | 25.00 | 330.00 | 355.00 | FAIL | |
r-patched-linux-x86_64 | 1.1.3 | 11.28 | 264.14 | 275.42 | OK | |
r-release-linux-x86_64 | 1.1.3 | 11.07 | 265.83 | 276.90 | OK | |
r-release-macos-arm64 | 1.1.3 | 120.00 | OK | |||
r-release-macos-x86_64 | 1.1.3 | 186.00 | OK | |||
r-release-windows-x86_64 | 1.1.3 | 28.00 | 341.00 | 369.00 | OK | |
r-oldrel-macos-arm64 | 1.1.3 | 89.00 | OK | |||
r-oldrel-macos-x86_64 | 1.1.3 | 141.00 | OK | |||
r-oldrel-windows-ix86+x86_64 | 1.1.3 | 42.00 | 355.00 | 397.00 | OK |
Version: 1.1.3
Check: re-building of vignette outputs
Result: FAIL
Flavor: r-devel-windows-x86_64