Last updated on 2022-08-15 08:49:52 CEST.
Flavor | Version | Tinstall | Tcheck | Ttotal | Status | Flags |
---|---|---|---|---|---|---|
r-devel-linux-x86_64-debian-clang | 0.5.1 | 17.92 | 77.89 | 95.81 | OK | |
r-devel-linux-x86_64-debian-gcc | 0.5.1 | 13.33 | 57.05 | 70.38 | OK | |
r-devel-linux-x86_64-fedora-clang | 0.5.1 | 123.22 | NOTE | |||
r-devel-linux-x86_64-fedora-gcc | 0.5.1 | 120.31 | NOTE | |||
r-devel-windows-x86_64 | 0.5.1 | 25.00 | 105.00 | 130.00 | OK | |
r-patched-linux-x86_64 | 0.5.1 | 16.26 | 73.01 | 89.27 | OK | |
r-release-linux-x86_64 | 0.5.1 | 13.02 | 70.25 | 83.27 | OK | |
r-release-macos-arm64 | 0.5.1 | 48.00 | NOTE | |||
r-release-macos-x86_64 | 0.5.1 | 81.00 | NOTE | |||
r-release-windows-x86_64 | 0.5.1 | 27.00 | 108.00 | 135.00 | OK | |
r-oldrel-macos-arm64 | 0.5.1 | 54.00 | NOTE | |||
r-oldrel-macos-x86_64 | 0.5.1 | 83.00 | NOTE | |||
r-oldrel-windows-ix86+x86_64 | 0.5.1 | 32.00 | 80.00 | 112.00 | ERROR |
Version: 0.5.1
Check: dependencies in R code
Result: NOTE
Namespaces in Imports field not imported from:
‘R6’ ‘knitr’
All declared Imports should be used.
Flavors: r-devel-linux-x86_64-fedora-clang, r-devel-linux-x86_64-fedora-gcc, r-release-macos-arm64, r-release-macos-x86_64, r-oldrel-macos-arm64, r-oldrel-macos-x86_64
Version: 0.5.1
Check: examples
Result: ERROR
Running examples in 'blandr-Ex.R' failed
The error most likely occurred in:
> ### Name: blandr.dataset.fibre
> ### Title: Function to load D'arbela mean velocity of circumferential fibre
> ### shortening dataset from internet
> ### Aliases: blandr.dataset.fibre
>
> ### ** Examples
>
> blandr.dataset.fibre()
Warning in file(con, "r") :
InternetOpenUrl failed: 'Die Serververbindung konnte nicht hergestellt werden.'
Error in file(con, "r") : cannot open the connection
Calls: blandr.dataset.fibre -> readLines -> file
Execution halted
Flavor: r-oldrel-windows-ix86+x86_64