Last updated on 2022-08-15 08:49:52 CEST.
Flavor | Version | Tinstall | Tcheck | Ttotal | Status | Flags |
---|---|---|---|---|---|---|
r-devel-linux-x86_64-debian-clang | 0.5.5 | 17.15 | 153.05 | 170.20 | NOTE | |
r-devel-linux-x86_64-debian-gcc | 0.5.5 | 12.52 | 115.40 | 127.92 | NOTE | |
r-devel-linux-x86_64-fedora-clang | 0.5.5 | 210.72 | NOTE | |||
r-devel-linux-x86_64-fedora-gcc | 0.5.5 | 223.67 | NOTE | |||
r-devel-windows-x86_64 | 0.5.5 | 29.00 | 170.00 | 199.00 | OK | |
r-patched-linux-x86_64 | 0.5.5 | 17.42 | 146.51 | 163.93 | OK | |
r-release-linux-x86_64 | 0.5.5 | 14.15 | 145.83 | 159.98 | OK | |
r-release-macos-arm64 | 0.5.5 | 62.00 | OK | |||
r-release-macos-x86_64 | 0.5.5 | 75.00 | OK | |||
r-release-windows-x86_64 | 0.5.5 | 33.00 | 183.00 | 216.00 | OK | |
r-oldrel-macos-arm64 | 0.5.5 | 59.00 | OK | |||
r-oldrel-macos-x86_64 | 0.5.5 | 105.00 | OK | |||
r-oldrel-windows-ix86+x86_64 | 0.5.5 | 29.00 | 170.00 | 199.00 | OK |
Version: 0.5.5
Check: HTML version of manual
Result: NOTE
Found the following HTML validation problems:
amlps.object.html:113:38: Warning: nested emphasis <code>
coxlps.baseline.html:84:38: Warning: nested emphasis <code>
coxlps.baseline.html:88:38: Warning: nested emphasis <code>
coxlps.object.html:74:38: Warning: nested emphasis <code>
cubicbs.html:65:38: Warning: nested emphasis <code>
curelps.object.html:68:38: Warning: nested emphasis <code>
gamlps.object.html:117:38: Warning: nested emphasis <code>
simsurvdata.html:108:38: Warning: nested emphasis <code>
snmatch.html:79:38: Warning: nested emphasis <code>
Flavors: r-devel-linux-x86_64-debian-clang, r-devel-linux-x86_64-debian-gcc, r-devel-linux-x86_64-fedora-clang, r-devel-linux-x86_64-fedora-gcc