Last updated on 2022-08-15 08:49:52 CEST.
Flavor | Version | Tinstall | Tcheck | Ttotal | Status | Flags |
---|---|---|---|---|---|---|
r-devel-linux-x86_64-debian-clang | 0.3.2 | 6.02 | 73.63 | 79.65 | NOTE | |
r-devel-linux-x86_64-debian-gcc | 0.3.2 | 2.93 | 57.35 | 60.28 | NOTE | |
r-devel-linux-x86_64-fedora-clang | 0.3.2 | 105.87 | NOTE | |||
r-devel-linux-x86_64-fedora-gcc | 0.3.2 | 99.96 | NOTE | |||
r-devel-windows-x86_64 | 0.3.2 | 93.00 | 116.00 | 209.00 | NOTE | |
r-patched-linux-x86_64 | 0.3.2 | 5.13 | 71.29 | 76.42 | NOTE | |
r-release-linux-x86_64 | 0.3.2 | 3.88 | 71.11 | 74.99 | NOTE | |
r-release-macos-arm64 | 0.3.2 | 32.00 | NOTE | |||
r-release-macos-x86_64 | 0.3.2 | 64.00 | NOTE | |||
r-release-windows-x86_64 | 0.3.2 | 115.00 | 122.00 | 237.00 | NOTE | |
r-oldrel-macos-arm64 | 0.3.2 | 41.00 | NOTE | |||
r-oldrel-macos-x86_64 | 0.3.2 | 62.00 | NOTE | |||
r-oldrel-windows-ix86+x86_64 | 0.3.2 | 12.00 | 102.00 | 114.00 | NOTE |
Version: 0.3.2
Check: LazyData
Result: NOTE
'LazyData' is specified without a 'data' directory
Flavors: r-devel-linux-x86_64-debian-clang, r-devel-linux-x86_64-debian-gcc, r-devel-linux-x86_64-fedora-clang, r-devel-linux-x86_64-fedora-gcc, r-devel-windows-x86_64, r-patched-linux-x86_64, r-release-linux-x86_64, r-release-macos-arm64, r-release-macos-x86_64, r-release-windows-x86_64, r-oldrel-macos-arm64, r-oldrel-macos-x86_64, r-oldrel-windows-ix86+x86_64