Last updated on 2022-08-15 08:49:52 CEST.
Flavor | Version | Tinstall | Tcheck | Ttotal | Status | Flags |
---|---|---|---|---|---|---|
r-devel-linux-x86_64-debian-clang | 0.4-3 | 458.71 | 218.69 | 677.40 | NOTE | |
r-devel-linux-x86_64-debian-gcc | 0.4-3 | 280.18 | 164.44 | 444.62 | NOTE | |
r-devel-linux-x86_64-fedora-clang | 0.4-3 | 700.12 | NOTE | |||
r-devel-linux-x86_64-fedora-gcc | 0.4-3 | 711.96 | NOTE | |||
r-devel-windows-x86_64 | 0.4-3 | 194.00 | 253.00 | 447.00 | NOTE | |
r-patched-linux-x86_64 | 0.4-3 | 212.56 | 213.41 | 425.97 | NOTE | |
r-release-linux-x86_64 | 0.4-3 | 194.37 | 210.78 | 405.15 | NOTE | |
r-release-macos-arm64 | 0.4-3 | 191.00 | NOTE | |||
r-release-macos-x86_64 | 0.4-3 | 264.00 | NOTE | |||
r-release-windows-x86_64 | 0.4-3 | 199.00 | 247.00 | 446.00 | NOTE | |
r-oldrel-macos-arm64 | 0.4-3 | 176.00 | NOTE | |||
r-oldrel-macos-x86_64 | 0.4-3 | 259.00 | NOTE | |||
r-oldrel-windows-ix86+x86_64 | 0.4-3 | 397.00 | 10.00 | 407.00 | ERROR |
Version: 0.4-3
Check: package dependencies
Result: NOTE
Package suggested but not available for checking: 'cmdstanr'
Flavors: r-devel-linux-x86_64-debian-clang, r-devel-linux-x86_64-debian-gcc, r-devel-linux-x86_64-fedora-clang, r-devel-linux-x86_64-fedora-gcc, r-devel-windows-x86_64, r-patched-linux-x86_64, r-release-linux-x86_64, r-release-macos-arm64, r-release-macos-x86_64, r-release-windows-x86_64, r-oldrel-macos-arm64, r-oldrel-macos-x86_64, r-oldrel-windows-ix86+x86_64
Version: 0.4-3
Check: for GNU extensions in Makefiles
Result: NOTE
GNU make is a SystemRequirements.
Flavors: r-devel-linux-x86_64-debian-clang, r-devel-linux-x86_64-debian-gcc, r-devel-linux-x86_64-fedora-clang, r-devel-linux-x86_64-fedora-gcc, r-devel-windows-x86_64, r-patched-linux-x86_64, r-release-linux-x86_64, r-release-macos-arm64, r-release-macos-x86_64, r-release-windows-x86_64, r-oldrel-macos-arm64, r-oldrel-macos-x86_64
Version: 0.4-3
Check: installed package size
Result: NOTE
installed size is 6.6Mb
sub-directories of 1Mb or more:
libs 4.6Mb
Flavors: r-devel-linux-x86_64-fedora-clang, r-devel-windows-x86_64, r-release-macos-arm64, r-release-macos-x86_64, r-release-windows-x86_64, r-oldrel-macos-arm64, r-oldrel-macos-x86_64
Version: 0.4-3
Check: whether package can be installed
Result: ERROR
Installation failed.
Flavor: r-oldrel-windows-ix86+x86_64