Last updated on 2022-08-15 08:49:52 CEST.
Flavor | Version | Tinstall | Tcheck | Ttotal | Status | Flags |
---|---|---|---|---|---|---|
r-devel-linux-x86_64-debian-clang | 0.2.4 | 95.60 | 113.92 | 209.52 | WARN | |
r-devel-linux-x86_64-debian-gcc | 0.2.4 | 82.37 | 85.65 | 168.02 | OK | |
r-devel-linux-x86_64-fedora-clang | 0.2.4 | 298.31 | WARN | |||
r-devel-linux-x86_64-fedora-gcc | 0.2.4 | 275.83 | OK | |||
r-devel-windows-x86_64 | 0.2.4 | 105.00 | 160.00 | 265.00 | OK | |
r-patched-linux-x86_64 | 0.2.4 | 92.14 | 109.22 | 201.36 | OK | |
r-release-linux-x86_64 | 0.2.4 | 91.25 | 108.95 | 200.20 | OK | |
r-release-macos-arm64 | 0.2.4 | 68.00 | NOTE | |||
r-release-macos-x86_64 | 0.2.4 | 94.00 | NOTE | |||
r-release-windows-x86_64 | 0.2.4 | 115.00 | 153.00 | 268.00 | OK | |
r-oldrel-macos-arm64 | 0.2.4 | 81.00 | NOTE | |||
r-oldrel-macos-x86_64 | 0.2.4 | 130.00 | NOTE | |||
r-oldrel-windows-ix86+x86_64 | 0.2.4 | 242.00 | 232.00 | 474.00 | OK |
Version: 0.2.4
Check: whether package can be installed
Result: WARN
Found the following significant warnings:
Forest.cpp:350:9: warning: use of bitwise '&' with boolean operands [-Wbitwise-instead-of-logical]
Flavors: r-devel-linux-x86_64-debian-clang, r-devel-linux-x86_64-fedora-clang
Version: 0.2.4
Check: installed package size
Result: NOTE
installed size is 6.7Mb
sub-directories of 1Mb or more:
libs 6.4Mb
Flavors: r-release-macos-arm64, r-release-macos-x86_64, r-oldrel-macos-arm64, r-oldrel-macos-x86_64