Last updated on 2022-08-15 08:49:52 CEST.
Flavor | Version | Tinstall | Tcheck | Ttotal | Status | Flags |
---|---|---|---|---|---|---|
r-devel-linux-x86_64-debian-clang | 0.1.5 | 2.05 | 178.24 | 180.29 | OK | |
r-devel-linux-x86_64-debian-gcc | 0.1.5 | 2.05 | 119.73 | 121.78 | OK | |
r-devel-linux-x86_64-fedora-clang | 0.1.5 | 214.52 | NOTE | |||
r-devel-linux-x86_64-fedora-gcc | 0.1.5 | 209.89 | OK | |||
r-devel-windows-x86_64 | 0.1.5 | 13.00 | 175.00 | 188.00 | OK | |
r-patched-linux-x86_64 | 0.1.5 | 2.86 | 173.13 | 175.99 | OK | |
r-release-linux-x86_64 | 0.1.5 | 2.55 | 171.63 | 174.18 | OK | |
r-release-macos-arm64 | 0.1.5 | 43.00 | OK | |||
r-release-macos-x86_64 | 0.1.5 | 61.00 | OK | |||
r-release-windows-x86_64 | 0.1.5 | 10.00 | 175.00 | 185.00 | OK | |
r-oldrel-macos-arm64 | 0.1.5 | 46.00 | OK | |||
r-oldrel-macos-x86_64 | 0.1.5 | 65.00 | OK | |||
r-oldrel-windows-ix86+x86_64 | 0.1.5 | 7.00 | 205.00 | 212.00 | OK |
Version: 0.1.5
Check: Rd cross-references
Result: NOTE
Undeclared package ‘np’ in Rd xrefs
Flavor: r-devel-linux-x86_64-fedora-clang