Last updated on 2022-08-15 08:49:52 CEST.
Flavor | Version | Tinstall | Tcheck | Ttotal | Status | Flags |
---|---|---|---|---|---|---|
r-devel-linux-x86_64-debian-clang | 0.0.3 | 10.06 | 94.63 | 104.69 | OK | |
r-devel-linux-x86_64-debian-gcc | 0.0.3 | 6.55 | 70.47 | 77.02 | OK | |
r-devel-linux-x86_64-fedora-clang | 0.0.3 | 131.05 | NOTE | |||
r-devel-linux-x86_64-fedora-gcc | 0.0.3 | 127.53 | NOTE | |||
r-devel-windows-x86_64 | 0.0.3 | 19.00 | 131.00 | 150.00 | OK | |
r-patched-linux-x86_64 | 0.0.3 | 8.96 | 92.26 | 101.22 | OK | |
r-release-linux-x86_64 | 0.0.3 | 6.60 | 92.47 | 99.07 | OK | |
r-release-macos-arm64 | 0.0.3 | 51.00 | NOTE | |||
r-release-macos-x86_64 | 0.0.3 | 67.00 | NOTE | |||
r-release-windows-x86_64 | 0.0.3 | 22.00 | 136.00 | 158.00 | OK | |
r-oldrel-macos-arm64 | 0.0.3 | 55.00 | NOTE | |||
r-oldrel-macos-x86_64 | 0.0.3 | 74.00 | NOTE | |||
r-oldrel-windows-ix86+x86_64 | 0.0.3 | 22.00 | 124.00 | 146.00 | OK |
Version: 0.0.3
Check: data for non-ASCII characters
Result: NOTE
Note: found 7 marked UTF-8 strings
Flavors: r-devel-linux-x86_64-fedora-clang, r-devel-linux-x86_64-fedora-gcc, r-release-macos-arm64, r-release-macos-x86_64, r-oldrel-macos-arm64, r-oldrel-macos-x86_64