Last updated on 2022-08-15 08:49:52 CEST.
Flavor | Version | Tinstall | Tcheck | Ttotal | Status | Flags |
---|---|---|---|---|---|---|
r-devel-linux-x86_64-debian-clang | 0.1.2 | 48.89 | 31.74 | 80.63 | OK | |
r-devel-linux-x86_64-debian-gcc | 0.1.2 | 39.48 | 24.62 | 64.10 | WARN | |
r-devel-linux-x86_64-fedora-clang | 0.1.2 | 125.38 | OK | |||
r-devel-linux-x86_64-fedora-gcc | 0.1.2 | 115.94 | OK | |||
r-devel-windows-x86_64 | 0.1.2 | 44.00 | 76.00 | 120.00 | OK | |
r-patched-linux-x86_64 | 0.1.2 | 47.08 | 31.81 | 78.89 | OK | |
r-release-linux-x86_64 | 0.1.2 | 38.24 | 30.83 | 69.07 | OK | |
r-release-macos-arm64 | 0.1.2 | 31.00 | OK | |||
r-release-macos-x86_64 | 0.1.2 | 40.00 | OK | |||
r-release-windows-x86_64 | 0.1.2 | 48.00 | 78.00 | 126.00 | OK | |
r-oldrel-macos-arm64 | 0.1.2 | 32.00 | OK | |||
r-oldrel-macos-x86_64 | 0.1.2 | 39.00 | OK | |||
r-oldrel-windows-ix86+x86_64 | 0.1.2 | 122.00 | 80.00 | 202.00 | OK |
Version: 0.1.2
Check: whether package can be installed
Result: WARN
Found the following significant warnings:
/usr/include/x86_64-linux-gnu/bits/string_fortified.h:59:33: warning: ‘void* __builtin_memset(void*, int, long unsigned int)’ forming offset [176, 183] is out of the bounds [0, 176] of object ‘nMaxCritMet’ with type ‘arma::rowvec’ {aka ‘arma::Row<double>’} [-Warray-bounds]
Flavor: r-devel-linux-x86_64-debian-gcc