Last updated on 2022-08-15 08:49:52 CEST.
Flavor | Version | Tinstall | Tcheck | Ttotal | Status | Flags |
---|---|---|---|---|---|---|
r-devel-linux-x86_64-debian-clang | 0.1.0 | 732.88 | 140.99 | 873.87 | NOTE | |
r-devel-linux-x86_64-debian-gcc | 0.1.0 | 661.26 | 130.50 | 791.76 | NOTE | |
r-devel-linux-x86_64-fedora-clang | 0.1.0 | 1056.01 | NOTE | |||
r-devel-linux-x86_64-fedora-gcc | 0.1.0 | 1334.40 | NOTE | |||
r-devel-windows-x86_64 | 0.1.0 | 433.00 | 234.00 | 667.00 | NOTE | |
r-patched-linux-x86_64 | 0.1.0 | 654.40 | 173.73 | 828.13 | NOTE | |
r-release-linux-x86_64 | 0.1.0 | 622.39 | 169.30 | 791.69 | NOTE | |
r-release-macos-arm64 | 0.1.0 | 314.00 | NOTE | |||
r-release-macos-x86_64 | 0.1.0 | 559.00 | NOTE | |||
r-release-windows-x86_64 | 0.1.0 | 441.00 | 232.00 | 673.00 | NOTE | |
r-oldrel-macos-arm64 | 0.1.0 | 363.00 | NOTE | |||
r-oldrel-macos-x86_64 | 0.1.0 | 589.00 | NOTE | |||
r-oldrel-windows-ix86+x86_64 | 0.1.0 | 1599.00 | 271.00 | 1870.00 | NOTE |
Version: 0.1.0
Check: for GNU extensions in Makefiles
Result: NOTE
GNU make is a SystemRequirements.
Flavors: r-devel-linux-x86_64-debian-clang, r-devel-linux-x86_64-debian-gcc, r-devel-linux-x86_64-fedora-clang, r-devel-linux-x86_64-fedora-gcc, r-devel-windows-x86_64, r-patched-linux-x86_64, r-release-linux-x86_64, r-release-macos-arm64, r-release-macos-x86_64, r-release-windows-x86_64, r-oldrel-macos-arm64, r-oldrel-macos-x86_64, r-oldrel-windows-ix86+x86_64
Version: 0.1.0
Check: installed package size
Result: NOTE
installed size is 7.7Mb
sub-directories of 1Mb or more:
libs 7.1Mb
Flavors: r-devel-linux-x86_64-fedora-clang, r-devel-windows-x86_64, r-release-macos-arm64, r-release-macos-x86_64, r-release-windows-x86_64, r-oldrel-macos-arm64, r-oldrel-macos-x86_64, r-oldrel-windows-ix86+x86_64
Version: 0.1.0
Check: dependencies in R code
Result: NOTE
Namespaces in Imports field not imported from:
‘RcppParallel’ ‘rstantools’
All declared Imports should be used.
Flavors: r-devel-linux-x86_64-fedora-clang, r-devel-linux-x86_64-fedora-gcc, r-release-macos-arm64, r-release-macos-x86_64, r-oldrel-macos-x86_64