Last updated on 2022-08-15 08:49:52 CEST.
Flavor | Version | Tinstall | Tcheck | Ttotal | Status | Flags |
---|---|---|---|---|---|---|
r-devel-linux-x86_64-debian-clang | 2.0.2 | 75.23 | 200.57 | 275.80 | WARN | |
r-devel-linux-x86_64-debian-gcc | 2.0.2 | 59.40 | 142.03 | 201.43 | NOTE | |
r-devel-linux-x86_64-fedora-clang | 2.0.2 | 349.59 | WARN | |||
r-devel-linux-x86_64-fedora-gcc | 2.0.2 | 339.06 | NOTE | |||
r-devel-windows-x86_64 | 2.0.2 | 75.00 | 240.00 | 315.00 | NOTE | |
r-patched-linux-x86_64 | 2.0.2 | 65.50 | 187.22 | 252.72 | NOTE | |
r-release-linux-x86_64 | 2.0.2 | 60.94 | 188.76 | 249.70 | NOTE | |
r-release-macos-arm64 | 2.0.2 | 83.00 | NOTE | |||
r-release-macos-x86_64 | 2.0.2 | 123.00 | NOTE | |||
r-release-windows-x86_64 | 2.0.2 | 70.00 | 244.00 | 314.00 | NOTE | |
r-oldrel-macos-arm64 | 2.0.2 | 97.00 | NOTE | |||
r-oldrel-macos-x86_64 | 2.0.2 | 180.00 | NOTE | |||
r-oldrel-windows-ix86+x86_64 | 2.0.2 | 180.00 | 406.00 | 586.00 | NOTE |
Version: 2.0.2
Check: whether package can be installed
Result: WARN
Found the following significant warnings:
node_pos_all.cpp:670:55: warning: use of bitwise '&' with boolean operands [-Wbitwise-instead-of-logical]
node_pos_contribution.cpp:348:55: warning: use of bitwise '&' with boolean operands [-Wbitwise-instead-of-logical]
node_pos_motifweights.cpp:352:55: warning: use of bitwise '&' with boolean operands [-Wbitwise-instead-of-logical]
node_pos_nodeweights.cpp:329:55: warning: use of bitwise '&' with boolean operands [-Wbitwise-instead-of-logical]
node_pos_stouffer.cpp:421:55: warning: use of bitwise '&' with boolean operands [-Wbitwise-instead-of-logical]
sd.cpp:283:55: warning: use of bitwise '&' with boolean operands [-Wbitwise-instead-of-logical]
Flavor: r-devel-linux-x86_64-debian-clang
Version: 2.0.2
Check: LazyData
Result: NOTE
'LazyData' is specified without a 'data' directory
Flavors: r-devel-linux-x86_64-debian-clang, r-devel-linux-x86_64-debian-gcc, r-devel-linux-x86_64-fedora-clang, r-devel-linux-x86_64-fedora-gcc, r-devel-windows-x86_64, r-patched-linux-x86_64, r-release-linux-x86_64, r-release-macos-arm64, r-release-macos-x86_64, r-release-windows-x86_64, r-oldrel-macos-arm64, r-oldrel-macos-x86_64, r-oldrel-windows-ix86+x86_64
Version: 2.0.2
Check: whether package can be installed
Result: WARN
Found the following significant warnings:
node_pos_all.cpp:670:55: warning: use of bitwise '&' with boolean operands [-Wbitwise-instead-of-logical]
node_pos_contribution.cpp:348:55: warning: use of bitwise '&' with boolean operands [-Wbitwise-instead-of-logical]
node_pos_nodeweights.cpp:329:55: warning: use of bitwise '&' with boolean operands [-Wbitwise-instead-of-logical]
node_pos_motifweights.cpp:352:55: warning: use of bitwise '&' with boolean operands [-Wbitwise-instead-of-logical]
node_pos_stouffer.cpp:421:55: warning: use of bitwise '&' with boolean operands [-Wbitwise-instead-of-logical]
sd.cpp:283:55: warning: use of bitwise '&' with boolean operands [-Wbitwise-instead-of-logical]
Flavor: r-devel-linux-x86_64-fedora-clang
Version: 2.0.2
Check: installed package size
Result: NOTE
installed size is 5.7Mb
sub-directories of 1Mb or more:
libs 3.5Mb
Flavors: r-release-macos-x86_64, r-oldrel-macos-arm64