Last updated on 2022-08-15 08:49:52 CEST.
Flavor | Version | Tinstall | Tcheck | Ttotal | Status | Flags |
---|---|---|---|---|---|---|
r-devel-linux-x86_64-debian-clang | 1.1.0 | 10.68 | 103.69 | 114.37 | NOTE | |
r-devel-linux-x86_64-debian-gcc | 1.1.0 | 8.74 | 78.27 | 87.01 | NOTE | |
r-devel-linux-x86_64-fedora-clang | 1.1.0 | 147.54 | NOTE | |||
r-devel-linux-x86_64-fedora-gcc | 1.1.0 | 150.63 | NOTE | |||
r-devel-windows-x86_64 | 1.1.0 | 20.00 | 135.00 | 155.00 | OK | |
r-patched-linux-x86_64 | 1.1.0 | 8.05 | 97.01 | 105.06 | OK | |
r-release-linux-x86_64 | 1.1.0 | 9.03 | 99.15 | 108.18 | OK | |
r-release-macos-arm64 | 1.1.0 | 44.00 | NOTE | |||
r-release-macos-x86_64 | 1.1.0 | 74.00 | NOTE | |||
r-release-windows-x86_64 | 1.1.0 | 23.00 | 130.00 | 153.00 | OK | |
r-oldrel-macos-arm64 | 1.1.0 | 48.00 | NOTE | |||
r-oldrel-macos-x86_64 | 1.1.0 | 62.00 | NOTE | |||
r-oldrel-windows-ix86+x86_64 | 1.1.0 | 33.00 | 121.00 | 154.00 | OK |
Version: 1.1.0
Check: HTML version of manual
Result: NOTE
Found the following HTML validation problems:
bmscstan.html:55:70: Warning: replacing unexpected i with </i>
bmscstan.html:55:89: Warning: inserting implicit <sub>
bmscstan.html:56:4: Warning: inserting implicit <sub>
bmscstan.html:58:1: Warning: inserting implicit <sub>
bmscstan.html:58:1: Warning: missing </sub> before <p>
bmscstan.html:58:4: Warning: inserting implicit <sub>
bmscstan.html:63:1: Warning: inserting implicit <sub>
bmscstan.html:63:1: Warning: missing </sub> before <h3>
bmscstan.html:63:5: Warning: inserting implicit <sub>
bmscstan.html:65:4: Warning: inserting implicit <sub>
bmscstan.html:70:1: Warning: inserting implicit <sub>
bmscstan.html:55:89: Warning: trimming empty <sub>
bmscstan.html:58:1: Warning: trimming empty <sub>
bmscstan.html:63:1: Warning: trimming empty <sub>
bmscstan.html:70:1: Warning: trimming empty <sub>
bmscstan.html:44:1: Warning: <center> element removed from HTML5
bmscstan.html:55:1: Warning: <center> element removed from HTML5
Flavors: r-devel-linux-x86_64-debian-clang, r-devel-linux-x86_64-debian-gcc, r-devel-linux-x86_64-fedora-clang, r-devel-linux-x86_64-fedora-gcc
Version: 1.1.0
Check: dependencies in R code
Result: NOTE
Namespace in Imports field not imported from: ‘coda’
All declared Imports should be used.
Flavors: r-devel-linux-x86_64-fedora-clang, r-devel-linux-x86_64-fedora-gcc, r-release-macos-arm64, r-release-macos-x86_64, r-oldrel-macos-arm64, r-oldrel-macos-x86_64