Last updated on 2022-08-15 08:49:52 CEST.
Flavor | Version | Tinstall | Tcheck | Ttotal | Status | Flags |
---|---|---|---|---|---|---|
r-devel-linux-x86_64-debian-clang | 0.3.0 | 435.05 | 728.19 | 1163.24 | NOTE | |
r-devel-linux-x86_64-debian-gcc | 0.3.0 | 334.01 | 553.88 | 887.89 | NOTE | |
r-devel-linux-x86_64-fedora-clang | 0.3.0 | 1529.38 | NOTE | |||
r-devel-linux-x86_64-fedora-gcc | 0.3.0 | 1789.83 | NOTE | |||
r-devel-windows-x86_64 | 0.3.0 | 317.00 | 778.00 | 1095.00 | NOTE | |
r-patched-linux-x86_64 | 0.3.0 | 354.49 | 725.21 | 1079.70 | NOTE | |
r-release-linux-x86_64 | 0.3.0 | 373.48 | 712.33 | 1085.81 | NOTE | |
r-release-macos-arm64 | 0.3.0 | 370.00 | NOTE | |||
r-release-macos-x86_64 | 0.3.0 | 521.00 | NOTE | |||
r-release-windows-x86_64 | 0.3.0 | 322.00 | 767.00 | 1089.00 | NOTE | |
r-oldrel-macos-arm64 | 0.3.0 | 345.00 | NOTE | |||
r-oldrel-macos-x86_64 | 0.3.0 | 509.00 | NOTE | |||
r-oldrel-windows-ix86+x86_64 | 0.3.0 | 752.00 | 1008.00 | 1760.00 | NOTE |
Version: 0.3.0
Check: package dependencies
Result: NOTE
Package suggested but not available for checking: 'INLA'
Flavors: r-devel-linux-x86_64-debian-clang, r-devel-linux-x86_64-debian-gcc, r-devel-windows-x86_64, r-patched-linux-x86_64, r-release-linux-x86_64, r-release-macos-arm64, r-release-macos-x86_64, r-release-windows-x86_64, r-oldrel-macos-arm64, r-oldrel-macos-x86_64
Version: 0.3.0
Check: for GNU extensions in Makefiles
Result: NOTE
GNU make is a SystemRequirements.
Flavors: r-devel-linux-x86_64-debian-clang, r-devel-linux-x86_64-debian-gcc, r-devel-linux-x86_64-fedora-clang, r-devel-linux-x86_64-fedora-gcc, r-devel-windows-x86_64, r-patched-linux-x86_64, r-release-linux-x86_64, r-release-macos-arm64, r-release-macos-x86_64, r-release-windows-x86_64, r-oldrel-macos-arm64, r-oldrel-macos-x86_64, r-oldrel-windows-ix86+x86_64
Version: 0.3.0
Check: installed package size
Result: NOTE
installed size is 12.7Mb
sub-directories of 1Mb or more:
doc 4.6Mb
libs 5.4Mb
Flavors: r-devel-linux-x86_64-fedora-clang, r-devel-windows-x86_64, r-release-macos-arm64, r-release-macos-x86_64, r-release-windows-x86_64, r-oldrel-macos-arm64, r-oldrel-macos-x86_64, r-oldrel-windows-ix86+x86_64