Last updated on 2022-08-15 08:49:52 CEST.
Flavor | Version | Tinstall | Tcheck | Ttotal | Status | Flags |
---|---|---|---|---|---|---|
r-devel-linux-x86_64-debian-clang | 1.1.5 | 8.36 | 82.60 | 90.96 | OK | |
r-devel-linux-x86_64-debian-gcc | 1.1.5 | 7.28 | 63.70 | 70.98 | OK | |
r-devel-linux-x86_64-fedora-clang | 1.1.5 | 122.23 | NOTE | |||
r-devel-linux-x86_64-fedora-gcc | 1.1.5 | 118.85 | NOTE | |||
r-devel-windows-x86_64 | 1.1.5 | 28.00 | 111.00 | 139.00 | OK | |
r-patched-linux-x86_64 | 1.1.5 | 6.81 | 84.74 | 91.55 | OK | |
r-release-linux-x86_64 | 1.1.5 | 8.70 | 82.11 | 90.81 | OK | |
r-release-macos-arm64 | 1.1.5 | 34.00 | NOTE | |||
r-release-macos-x86_64 | 1.1.5 | 51.00 | NOTE | |||
r-release-windows-x86_64 | 1.1.5 | 18.00 | 121.00 | 139.00 | OK | |
r-oldrel-macos-arm64 | 1.1.5 | 41.00 | NOTE | |||
r-oldrel-macos-x86_64 | 1.1.5 | 50.00 | NOTE | |||
r-oldrel-windows-ix86+x86_64 | 1.1.5 | 18.00 | 112.00 | 130.00 | OK |
Version: 1.1.5
Check: dependencies in R code
Result: NOTE
Namespaces in Imports field not imported from:
‘HSAUR3’ ‘knitr’ ‘rmarkdown’
All declared Imports should be used.
Flavors: r-devel-linux-x86_64-fedora-clang, r-devel-linux-x86_64-fedora-gcc, r-release-macos-arm64, r-release-macos-x86_64, r-oldrel-macos-arm64, r-oldrel-macos-x86_64