Last updated on 2022-08-15 08:49:52 CEST.
Flavor | Version | Tinstall | Tcheck | Ttotal | Status | Flags |
---|---|---|---|---|---|---|
r-devel-linux-x86_64-debian-clang | 1.2.0 | 2.64 | 64.40 | 67.04 | NOTE | |
r-devel-linux-x86_64-debian-gcc | 1.2.0 | 2.01 | 47.23 | 49.24 | NOTE | |
r-devel-linux-x86_64-fedora-clang | 1.2.0 | 87.86 | NOTE | |||
r-devel-linux-x86_64-fedora-gcc | 1.2.0 | 87.65 | NOTE | |||
r-devel-windows-x86_64 | 1.2.0 | 11.00 | 110.00 | 121.00 | NOTE | |
r-patched-linux-x86_64 | 1.2.0 | 2.62 | 63.57 | 66.19 | OK | |
r-release-linux-x86_64 | 1.2.0 | 1.52 | 61.71 | 63.23 | OK | |
r-release-macos-arm64 | 1.2.0 | 37.00 | OK | |||
r-release-macos-x86_64 | 1.2.0 | 64.00 | OK | |||
r-release-windows-x86_64 | 1.2.0 | 13.00 | 120.00 | 133.00 | OK | |
r-oldrel-macos-arm64 | 1.2.0 | 45.00 | OK | |||
r-oldrel-macos-x86_64 | 1.2.0 | 61.00 | OK | |||
r-oldrel-windows-ix86+x86_64 | 1.2.0 | 7.00 | 109.00 | 116.00 | OK |
Version: 1.2.0
Check: package subdirectories
Result: NOTE
Problems with news in 'NEWS.md':
No news entries found.
Flavors: r-devel-linux-x86_64-debian-clang, r-devel-linux-x86_64-debian-gcc, r-devel-linux-x86_64-fedora-clang, r-devel-linux-x86_64-fedora-gcc, r-devel-windows-x86_64