Last updated on 2022-08-15 08:49:52 CEST.
Flavor | Version | Tinstall | Tcheck | Ttotal | Status | Flags |
---|---|---|---|---|---|---|
r-devel-linux-x86_64-debian-clang | 2.1.0 | 12.62 | 133.15 | 145.77 | NOTE | |
r-devel-linux-x86_64-debian-gcc | 2.1.0 | 11.03 | 96.90 | 107.93 | NOTE | |
r-devel-linux-x86_64-fedora-clang | 2.1.0 | 178.01 | NOTE | |||
r-devel-linux-x86_64-fedora-gcc | 2.1.0 | 174.36 | NOTE | |||
r-devel-windows-x86_64 | 2.1.0 | 27.00 | 153.00 | 180.00 | NOTE | |
r-patched-linux-x86_64 | 2.1.0 | 17.78 | 123.96 | 141.74 | OK | |
r-release-linux-x86_64 | 2.1.0 | 13.78 | 121.47 | 135.25 | OK | |
r-release-macos-arm64 | 2.1.0 | 50.00 | OK | |||
r-release-macos-x86_64 | 2.1.0 | 77.00 | OK | |||
r-release-windows-x86_64 | 2.1.0 | 32.00 | 161.00 | 193.00 | OK | |
r-oldrel-macos-arm64 | 2.1.0 | 47.00 | OK | |||
r-oldrel-macos-x86_64 | 2.1.0 | 71.00 | OK | |||
r-oldrel-windows-ix86+x86_64 | 2.1.0 | 26.00 | 150.00 | 176.00 | OK |
Version: 2.1.0
Check: Rd files
Result: NOTE
checkRd: (-1) bp_rats.Rd:41: Escaped LaTeX specials: \&
Flavors: r-devel-linux-x86_64-debian-clang, r-devel-linux-x86_64-debian-gcc, r-devel-linux-x86_64-fedora-clang, r-devel-linux-x86_64-fedora-gcc, r-devel-windows-x86_64