Last updated on 2022-08-15 08:49:52 CEST.
Flavor | Version | Tinstall | Tcheck | Ttotal | Status | Flags |
---|---|---|---|---|---|---|
r-devel-linux-x86_64-debian-clang | 1.0.0 | 242.07 | 136.03 | 378.10 | NOTE | |
r-devel-linux-x86_64-debian-gcc | 1.0.0 | 219.82 | 109.80 | 329.62 | NOTE | |
r-devel-linux-x86_64-fedora-clang | 1.0.0 | 466.19 | NOTE | |||
r-devel-linux-x86_64-fedora-gcc | 1.0.0 | 531.51 | NOTE | |||
r-devel-windows-x86_64 | 1.0.0 | 309.00 | 202.00 | 511.00 | NOTE | |
r-patched-linux-x86_64 | 1.0.0 | 162.91 | 141.45 | 304.36 | NOTE | |
r-release-linux-x86_64 | 1.0.0 | 164.48 | 139.74 | 304.22 | NOTE | |
r-release-macos-arm64 | 1.0.0 | 140.00 | NOTE | |||
r-release-macos-x86_64 | 1.0.0 | 235.00 | NOTE | |||
r-release-windows-x86_64 | 1.0.0 | 198.00 | 203.00 | 401.00 | NOTE | |
r-oldrel-macos-arm64 | 1.0.0 | 206.00 | NOTE | |||
r-oldrel-macos-x86_64 | 1.0.0 | 230.00 | NOTE | |||
r-oldrel-windows-ix86+x86_64 | 1.0.0 | 531.00 | 240.00 | 771.00 | NOTE |
Version: 1.0.0
Check: for GNU extensions in Makefiles
Result: NOTE
GNU make is a SystemRequirements.
Flavors: r-devel-linux-x86_64-debian-clang, r-devel-linux-x86_64-debian-gcc, r-devel-linux-x86_64-fedora-clang, r-devel-linux-x86_64-fedora-gcc, r-devel-windows-x86_64, r-patched-linux-x86_64, r-release-linux-x86_64, r-release-macos-arm64, r-release-macos-x86_64, r-release-windows-x86_64, r-oldrel-macos-arm64, r-oldrel-macos-x86_64, r-oldrel-windows-ix86+x86_64
Version: 1.0.0
Check: data for non-ASCII characters
Result: NOTE
Note: found 1448 marked UTF-8 strings
Flavors: r-devel-linux-x86_64-fedora-clang, r-devel-linux-x86_64-fedora-gcc, r-release-macos-arm64, r-release-macos-x86_64, r-oldrel-macos-arm64, r-oldrel-macos-x86_64
Version: 1.0.0
Check: installed package size
Result: NOTE
installed size is 42.0Mb
sub-directories of 1Mb or more:
libs 41.2Mb
Flavors: r-release-macos-arm64, r-release-macos-x86_64, r-oldrel-macos-arm64, r-oldrel-macos-x86_64, r-oldrel-windows-ix86+x86_64