Last updated on 2022-08-15 08:49:52 CEST.
Flavor | Version | Tinstall | Tcheck | Ttotal | Status | Flags |
---|---|---|---|---|---|---|
r-devel-linux-x86_64-debian-clang | 1.4.0 | 10.33 | 203.23 | 213.56 | OK | |
r-devel-linux-x86_64-debian-gcc | 1.4.0 | 6.77 | 132.06 | 138.83 | OK | |
r-devel-linux-x86_64-fedora-clang | 1.4.0 | 246.88 | NOTE | |||
r-devel-linux-x86_64-fedora-gcc | 1.4.0 | 250.24 | NOTE | |||
r-devel-windows-x86_64 | 1.4.0 | 24.00 | 187.00 | 211.00 | OK | |
r-patched-linux-x86_64 | 1.4.0 | 9.00 | 190.64 | 199.64 | OK | |
r-release-linux-x86_64 | 1.4.0 | 8.63 | 188.89 | 197.52 | OK | |
r-release-macos-arm64 | 1.4.0 | 55.00 | NOTE | |||
r-release-macos-x86_64 | 1.4.0 | 74.00 | NOTE | |||
r-release-windows-x86_64 | 1.4.0 | 15.00 | 193.00 | 208.00 | OK | |
r-oldrel-macos-arm64 | 1.4.0 | 57.00 | NOTE | |||
r-oldrel-macos-x86_64 | 1.4.0 | 73.00 | NOTE | |||
r-oldrel-windows-ix86+x86_64 | 1.4.0 | 22.00 | 222.00 | 244.00 | OK |
Version: 1.4.0
Check: dependencies in R code
Result: NOTE
Namespace in Imports field not imported from: ‘graphics’
All declared Imports should be used.
Flavors: r-devel-linux-x86_64-fedora-clang, r-devel-linux-x86_64-fedora-gcc, r-release-macos-arm64, r-release-macos-x86_64, r-oldrel-macos-arm64, r-oldrel-macos-x86_64