Last updated on 2022-08-15 08:49:52 CEST.
Flavor | Version | Tinstall | Tcheck | Ttotal | Status | Flags |
---|---|---|---|---|---|---|
r-devel-linux-x86_64-debian-clang | 1.6.0 | 8.31 | 64.93 | 73.24 | NOTE | |
r-devel-linux-x86_64-debian-gcc | 1.6.0 | 6.67 | 50.11 | 56.78 | NOTE | |
r-devel-linux-x86_64-fedora-clang | 1.6.0 | 102.81 | NOTE | |||
r-devel-linux-x86_64-fedora-gcc | 1.6.0 | 109.01 | NOTE | |||
r-devel-windows-x86_64 | 1.6.0 | 14.00 | 84.00 | 98.00 | NOTE | |
r-patched-linux-x86_64 | 1.6.0 | 9.90 | 73.83 | 83.73 | NOTE | |
r-release-linux-x86_64 | 1.6.0 | 9.67 | 70.64 | 80.31 | NOTE | |
r-release-macos-arm64 | 1.6.0 | 43.00 | NOTE | |||
r-release-macos-x86_64 | 1.6.0 | 73.00 | NOTE | |||
r-release-windows-x86_64 | 1.6.0 | 15.00 | 90.00 | 105.00 | NOTE | |
r-oldrel-macos-arm64 | 1.6.0 | 67.00 | NOTE | |||
r-oldrel-macos-x86_64 | 1.6.0 | 63.00 | NOTE | |||
r-oldrel-windows-ix86+x86_64 | 1.6.0 | 18.00 | 77.00 | 95.00 | NOTE |
Version: 1.6.0
Check: LazyData
Result: NOTE
'LazyData' is specified without a 'data' directory
Flavors: r-devel-linux-x86_64-debian-clang, r-devel-linux-x86_64-debian-gcc, r-devel-linux-x86_64-fedora-clang, r-devel-linux-x86_64-fedora-gcc, r-devel-windows-x86_64, r-patched-linux-x86_64, r-release-linux-x86_64, r-release-macos-arm64, r-release-macos-x86_64, r-release-windows-x86_64, r-oldrel-macos-arm64, r-oldrel-macos-x86_64, r-oldrel-windows-ix86+x86_64