Last updated on 2022-08-15 08:49:52 CEST.
Flavor | Version | Tinstall | Tcheck | Ttotal | Status | Flags |
---|---|---|---|---|---|---|
r-devel-linux-x86_64-debian-clang | 2.2 | 32.68 | 101.41 | 134.09 | WARN | |
r-devel-linux-x86_64-debian-gcc | 2.2 | 24.15 | 72.42 | 96.57 | OK | |
r-devel-linux-x86_64-fedora-clang | 2.2 | 177.25 | WARN | |||
r-devel-linux-x86_64-fedora-gcc | 2.2 | 169.40 | OK | |||
r-devel-windows-x86_64 | 2.2 | 125.00 | 135.00 | 260.00 | OK | |
r-patched-linux-x86_64 | 2.2 | 26.28 | 97.41 | 123.69 | OK | |
r-release-linux-x86_64 | 2.2 | 28.66 | 97.17 | 125.83 | OK | |
r-release-macos-arm64 | 2.2 | 43.00 | OK | |||
r-release-macos-x86_64 | 2.2 | 80.00 | OK | |||
r-release-windows-x86_64 | 2.2 | 45.00 | 138.00 | 183.00 | OK | |
r-oldrel-macos-arm64 | 2.2 | 51.00 | OK | |||
r-oldrel-macos-x86_64 | 2.2 | 57.00 | OK | |||
r-oldrel-windows-ix86+x86_64 | 2.2 | 81.00 | 176.00 | 257.00 | OK |
Version: 2.2
Check: whether package can be installed
Result: WARN
Found the following significant warnings:
exhaust_bic.cpp:269:6: warning: use of bitwise '&' with boolean operands [-Wbitwise-instead-of-logical]
exhaust_bic.cpp:290:9: warning: use of bitwise '&' with boolean operands [-Wbitwise-instead-of-logical]
Flavors: r-devel-linux-x86_64-debian-clang, r-devel-linux-x86_64-fedora-clang