Last updated on 2022-08-15 08:49:52 CEST.
Flavor | Version | Tinstall | Tcheck | Ttotal | Status | Flags |
---|---|---|---|---|---|---|
r-devel-linux-x86_64-debian-clang | 0.8.4 | 16.83 | 217.23 | 234.06 | OK | |
r-devel-linux-x86_64-debian-gcc | 0.8.4 | 11.65 | 158.99 | 170.64 | OK | |
r-devel-linux-x86_64-fedora-clang | 0.8.4 | 278.72 | NOTE | |||
r-devel-linux-x86_64-fedora-gcc | 0.8.4 | 279.20 | NOTE | |||
r-devel-windows-x86_64 | 0.8.4 | 89.00 | 242.00 | 331.00 | OK | |
r-patched-linux-x86_64 | 0.8.4 | 9.16 | 199.94 | 209.10 | OK | |
r-release-linux-x86_64 | 0.8.4 | 9.04 | 199.95 | 208.99 | OK | |
r-release-macos-arm64 | 0.8.4 | 86.00 | OK | |||
r-release-macos-x86_64 | 0.8.4 | 172.00 | OK | |||
r-release-windows-x86_64 | 0.8.4 | 81.00 | 241.00 | 322.00 | OK | |
r-oldrel-macos-arm64 | 0.8.4 | 82.00 | OK | |||
r-oldrel-macos-x86_64 | 0.8.4 | 116.00 | OK | |||
r-oldrel-windows-ix86+x86_64 | 0.8.4 | 32.00 | 246.00 | 278.00 | OK |
Version: 0.8.4
Check: package dependencies
Result: NOTE
Package suggested but not available for checking: ‘breathteststan’
Flavors: r-devel-linux-x86_64-fedora-clang, r-devel-linux-x86_64-fedora-gcc
Version: 0.8.4
Check: Rd cross-references
Result: NOTE
Undeclared package ‘generics’ in Rd xrefs
Flavor: r-devel-linux-x86_64-fedora-clang