Last updated on 2022-08-15 08:49:52 CEST.
Flavor | Version | Tinstall | Tcheck | Ttotal | Status | Flags |
---|---|---|---|---|---|---|
r-devel-linux-x86_64-debian-clang | 0.1.1 | 2.09 | 30.94 | 33.03 | NOTE | |
r-devel-linux-x86_64-debian-gcc | 0.1.1 | 1.66 | 23.47 | 25.13 | NOTE | |
r-devel-linux-x86_64-fedora-clang | 0.1.1 | 50.60 | NOTE | |||
r-devel-linux-x86_64-fedora-gcc | 0.1.1 | 51.81 | NOTE | |||
r-devel-windows-x86_64 | 0.1.1 | 4.00 | 57.00 | 61.00 | OK | |
r-patched-linux-x86_64 | 0.1.1 | 2.19 | 29.11 | 31.30 | OK | |
r-release-linux-x86_64 | 0.1.1 | 2.14 | 29.62 | 31.76 | OK | |
r-release-macos-arm64 | 0.1.1 | 19.00 | OK | |||
r-release-macos-x86_64 | 0.1.1 | 26.00 | OK | |||
r-release-windows-x86_64 | 0.1.1 | 14.00 | 60.00 | 74.00 | OK | |
r-oldrel-macos-arm64 | 0.1.1 | 19.00 | OK | |||
r-oldrel-macos-x86_64 | 0.1.1 | 26.00 | OK | |||
r-oldrel-windows-ix86+x86_64 | 0.1.1 | 5.00 | 48.00 | 53.00 | OK |
Version: 0.1.1
Check: HTML version of manual
Result: NOTE
Found the following HTML validation problems:
Bridge.html:80:32: Warning: trimming empty <code>
Bridge.html:85:32: Warning: trimming empty <code>
Flavors: r-devel-linux-x86_64-debian-clang, r-devel-linux-x86_64-debian-gcc, r-devel-linux-x86_64-fedora-clang, r-devel-linux-x86_64-fedora-gcc