Last updated on 2022-08-15 08:49:52 CEST.
Flavor | Version | Tinstall | Tcheck | Ttotal | Status | Flags |
---|---|---|---|---|---|---|
r-devel-linux-x86_64-debian-clang | 1.1-2 | 9.33 | 241.17 | 250.50 | OK | |
r-devel-linux-x86_64-debian-gcc | 1.1-2 | 7.53 | 184.52 | 192.05 | OK | |
r-devel-linux-x86_64-fedora-clang | 1.1-2 | 296.68 | OK | |||
r-devel-linux-x86_64-fedora-gcc | 1.1-2 | 313.03 | OK | |||
r-devel-windows-x86_64 | 1.1-2 | 83.00 | 203.00 | 286.00 | OK | |
r-patched-linux-x86_64 | 1.1-2 | 10.07 | 243.20 | 253.27 | OK | |
r-release-linux-x86_64 | 1.1-2 | 12.34 | 239.06 | 251.40 | OK | |
r-release-macos-arm64 | 1.1-2 | 77.00 | OK | |||
r-release-macos-x86_64 | 1.1-2 | 111.00 | NOTE | |||
r-release-windows-x86_64 | 1.1-2 | 116.00 | 202.00 | 318.00 | OK | |
r-oldrel-macos-arm64 | 1.1-2 | 81.00 | OK | |||
r-oldrel-macos-x86_64 | 1.1-2 | 167.00 | OK | |||
r-oldrel-windows-ix86+x86_64 | 1.1-2 | 22.00 | 221.00 | 243.00 | OK |
Version: 1.1-2
Check: package dependencies
Result: NOTE
Packages suggested but not available for checking:
'R2jags', 'rjags', 'runjags'
Flavor: r-release-macos-x86_64