Last updated on 2022-08-15 08:49:52 CEST.
Flavor | Version | Tinstall | Tcheck | Ttotal | Status | Flags |
---|---|---|---|---|---|---|
r-devel-linux-x86_64-debian-clang | 1.0.4 | 86.58 | 370.11 | 456.69 | OK | |
r-devel-linux-x86_64-debian-gcc | 1.0.4 | 68.09 | 269.55 | 337.64 | OK | |
r-devel-linux-x86_64-fedora-clang | 1.0.4 | 548.38 | OK | |||
r-devel-linux-x86_64-fedora-gcc | 1.0.4 | 554.60 | OK | |||
r-devel-windows-x86_64 | 1.0.4 | 95.00 | 382.00 | 477.00 | OK | |
r-patched-linux-x86_64 | 1.0.4 | 57.96 | 358.64 | 416.60 | OK | |
r-release-linux-x86_64 | 1.0.4 | 59.28 | 353.85 | 413.13 | OK | |
r-release-macos-arm64 | 1.0.4 | 130.00 | NOTE | |||
r-release-macos-x86_64 | 1.0.4 | 309.00 | NOTE | |||
r-release-windows-x86_64 | 1.0.4 | 91.00 | 381.00 | 472.00 | OK | |
r-oldrel-macos-arm64 | 1.0.4 | 114.00 | NOTE | |||
r-oldrel-macos-x86_64 | 1.0.4 | 171.00 | NOTE | |||
r-oldrel-windows-ix86+x86_64 | 1.0.4 | 42.00 | 10.00 | 52.00 | ERROR |
Version: 1.0.4
Check: installed package size
Result: NOTE
installed size is 8.0Mb
sub-directories of 1Mb or more:
doc 1.1Mb
libs 6.4Mb
Flavors: r-release-macos-arm64, r-release-macos-x86_64, r-oldrel-macos-arm64, r-oldrel-macos-x86_64
Version: 1.0.4
Check: whether package can be installed
Result: ERROR
Installation failed.
Flavor: r-oldrel-windows-ix86+x86_64