Last updated on 2022-08-15 08:49:52 CEST.
Flavor | Version | Tinstall | Tcheck | Ttotal | Status | Flags |
---|---|---|---|---|---|---|
r-devel-linux-x86_64-debian-clang | 2.17.0 | 74.64 | 586.80 | 661.44 | NOTE | |
r-devel-linux-x86_64-debian-gcc | 2.17.0 | 52.62 | 429.94 | 482.56 | NOTE | |
r-devel-linux-x86_64-fedora-clang | 2.17.0 | 781.15 | NOTE | |||
r-devel-linux-x86_64-fedora-gcc | 2.17.0 | 831.36 | NOTE | |||
r-devel-windows-x86_64 | 2.17.0 | 241.00 | 203.00 | 444.00 | NOTE | --no-examples --no-tests --no-vignettes |
r-patched-linux-x86_64 | 2.17.0 | 59.61 | 553.75 | 613.36 | NOTE | |
r-release-linux-x86_64 | 2.17.0 | 48.36 | 540.15 | 588.51 | NOTE | |
r-release-macos-arm64 | 2.17.0 | 217.00 | NOTE | |||
r-release-macos-x86_64 | 2.17.0 | 292.00 | NOTE | |||
r-release-windows-x86_64 | 2.17.0 | 292.00 | 200.00 | 492.00 | NOTE | --no-examples --no-tests --no-vignettes |
r-oldrel-macos-arm64 | 2.17.0 | 143.00 | NOTE | |||
r-oldrel-macos-x86_64 | 2.17.0 | 284.00 | NOTE | |||
r-oldrel-windows-ix86+x86_64 | 2.17.0 | 123.00 | 235.00 | 358.00 | NOTE | --no-examples --no-tests --no-vignettes |
Version: 2.17.0
Check: package dependencies
Result: NOTE
Package suggested but not available for checking: 'cmdstanr'
Flavors: r-devel-linux-x86_64-debian-clang, r-devel-linux-x86_64-debian-gcc, r-devel-linux-x86_64-fedora-clang, r-devel-linux-x86_64-fedora-gcc, r-patched-linux-x86_64, r-release-linux-x86_64, r-release-macos-arm64, r-release-macos-x86_64, r-oldrel-macos-arm64, r-oldrel-macos-x86_64
Version: 2.17.0
Check: installed package size
Result: NOTE
installed size is 9.0Mb
sub-directories of 1Mb or more:
R 4.2Mb
doc 3.7Mb
Flavors: r-devel-linux-x86_64-fedora-clang, r-release-macos-arm64, r-release-macos-x86_64, r-oldrel-macos-arm64, r-oldrel-macos-x86_64
Version: 2.17.0
Flags: --no-examples --no-tests --no-vignettes
Check: package dependencies
Result: NOTE
Package suggested but not available for checking: 'cmdstanr'
Flavors: r-devel-windows-x86_64, r-release-windows-x86_64, r-oldrel-windows-ix86+x86_64
Version: 2.17.0
Flags: --no-examples --no-tests --no-vignettes
Check: installed package size
Result: NOTE
installed size is 8.9Mb
sub-directories of 1Mb or more:
R 4.2Mb
doc 3.6Mb
Flavors: r-devel-windows-x86_64, r-release-windows-x86_64, r-oldrel-windows-ix86+x86_64