Last updated on 2022-08-15 08:49:52 CEST.
Flavor | Version | Tinstall | Tcheck | Ttotal | Status | Flags |
---|---|---|---|---|---|---|
r-devel-linux-x86_64-debian-clang | 0.2.0 | 95.16 | 216.63 | 311.79 | OK | |
r-devel-linux-x86_64-debian-gcc | 0.2.0 | 77.58 | 157.22 | 234.80 | OK | |
r-devel-linux-x86_64-fedora-clang | 0.2.0 | 404.51 | OK | |||
r-devel-linux-x86_64-fedora-gcc | 0.2.0 | 411.61 | OK | |||
r-devel-windows-x86_64 | 0.2.0 | 112.00 | 249.00 | 361.00 | OK | |
r-patched-linux-x86_64 | 0.2.0 | 92.31 | 209.38 | 301.69 | OK | |
r-release-linux-x86_64 | 0.2.0 | 65.71 | 205.86 | 271.57 | OK | |
r-release-macos-arm64 | 0.2.0 | 109.00 | NOTE | |||
r-release-macos-x86_64 | 0.2.0 | 134.00 | NOTE | |||
r-release-windows-x86_64 | 0.2.0 | 135.00 | 246.00 | 381.00 | OK | |
r-oldrel-macos-arm64 | 0.2.0 | 94.00 | NOTE | |||
r-oldrel-macos-x86_64 | 0.2.0 | 136.00 | NOTE | |||
r-oldrel-windows-ix86+x86_64 | 0.2.0 | 237.00 | 314.00 | 551.00 | NOTE |
Version: 0.2.0
Check: installed package size
Result: NOTE
installed size is 5.4Mb
sub-directories of 1Mb or more:
doc 2.7Mb
libs 2.5Mb
Flavors: r-release-macos-arm64, r-release-macos-x86_64, r-oldrel-macos-arm64, r-oldrel-macos-x86_64, r-oldrel-windows-ix86+x86_64