Last updated on 2022-08-15 08:49:52 CEST.
Flavor | Version | Tinstall | Tcheck | Ttotal | Status | Flags |
---|---|---|---|---|---|---|
r-devel-linux-x86_64-debian-clang | 0.2.9.4 | 10.02 | 178.71 | 188.73 | NOTE | |
r-devel-linux-x86_64-debian-gcc | 0.2.9.4 | 7.50 | 130.49 | 137.99 | NOTE | |
r-devel-linux-x86_64-fedora-clang | 0.2.9.4 | 228.32 | NOTE | |||
r-devel-linux-x86_64-fedora-gcc | 0.2.9.4 | 254.47 | NOTE | |||
r-devel-windows-x86_64 | 0.2.9.4 | 48.00 | 205.00 | 253.00 | NOTE | |
r-patched-linux-x86_64 | 0.2.9.4 | 10.57 | 170.97 | 181.54 | NOTE | |
r-release-linux-x86_64 | 0.2.9.4 | 6.40 | 165.18 | 171.58 | NOTE | |
r-release-macos-arm64 | 0.2.9.4 | 65.00 | NOTE | |||
r-release-macos-x86_64 | 0.2.9.4 | 96.00 | NOTE | |||
r-release-windows-x86_64 | 0.2.9.4 | 53.00 | 206.00 | 259.00 | NOTE | |
r-oldrel-macos-arm64 | 0.2.9.4 | 48.00 | NOTE | |||
r-oldrel-macos-x86_64 | 0.2.9.4 | 86.00 | NOTE | |||
r-oldrel-windows-ix86+x86_64 | 0.2.9.4 | 28.00 | 200.00 | 228.00 | NOTE |
Version: 0.2.9.4
Check: package dependencies
Result: NOTE
Package suggested but not available for checking: 'glmmADMB'
Flavors: r-devel-linux-x86_64-debian-clang, r-devel-linux-x86_64-debian-gcc, r-devel-linux-x86_64-fedora-clang, r-devel-linux-x86_64-fedora-gcc, r-devel-windows-x86_64, r-patched-linux-x86_64, r-release-linux-x86_64, r-release-macos-arm64, r-release-macos-x86_64, r-release-windows-x86_64, r-oldrel-macos-arm64, r-oldrel-macos-x86_64, r-oldrel-windows-ix86+x86_64