Last updated on 2022-08-15 08:49:52 CEST.
Flavor | Version | Tinstall | Tcheck | Ttotal | Status | Flags |
---|---|---|---|---|---|---|
r-devel-linux-x86_64-debian-clang | 0.1.0 | 59.89 | 180.15 | 240.04 | OK | |
r-devel-linux-x86_64-debian-gcc | 0.1.0 | 50.98 | 123.47 | 174.45 | OK | |
r-devel-linux-x86_64-fedora-clang | 0.1.0 | 302.20 | OK | |||
r-devel-linux-x86_64-fedora-gcc | 0.1.0 | 302.73 | OK | |||
r-devel-windows-x86_64 | 0.1.0 | 52.00 | 174.00 | 226.00 | OK | |
r-patched-linux-x86_64 | 0.1.0 | 57.21 | 170.73 | 227.94 | OK | |
r-release-linux-x86_64 | 0.1.0 | 56.07 | 170.13 | 226.20 | OK | |
r-release-macos-arm64 | 0.1.0 | 103.00 | NOTE | |||
r-release-macos-x86_64 | 0.1.0 | 109.00 | OK | |||
r-release-windows-x86_64 | 0.1.0 | 57.00 | 178.00 | 235.00 | OK | |
r-oldrel-macos-arm64 | 0.1.0 | 107.00 | NOTE | |||
r-oldrel-macos-x86_64 | 0.1.0 | 106.00 | OK | |||
r-oldrel-windows-ix86+x86_64 | 0.1.0 | 85.00 | 207.00 | 292.00 | OK |
Version: 0.1.0
Check: installed package size
Result: NOTE
installed size is 5.2Mb
sub-directories of 1Mb or more:
data 5.1Mb
Flavors: r-release-macos-arm64, r-oldrel-macos-arm64