Last updated on 2022-08-15 08:49:52 CEST.
Flavor | Version | Tinstall | Tcheck | Ttotal | Status | Flags |
---|---|---|---|---|---|---|
r-devel-linux-x86_64-debian-clang | 0.1.2 | 23.43 | 191.41 | 214.84 | NOTE | |
r-devel-linux-x86_64-debian-gcc | 0.1.2 | 18.64 | 141.00 | 159.64 | NOTE | |
r-devel-linux-x86_64-fedora-clang | 0.1.2 | 264.55 | NOTE | |||
r-devel-linux-x86_64-fedora-gcc | 0.1.2 | 258.72 | NOTE | |||
r-devel-windows-x86_64 | 0.1.2 | 24.00 | 206.00 | 230.00 | NOTE | |
r-patched-linux-x86_64 | 0.1.2 | 21.63 | 182.90 | 204.53 | NOTE | |
r-release-linux-x86_64 | 0.1.2 | 20.11 | 182.43 | 202.54 | NOTE | |
r-release-macos-arm64 | 0.1.2 | 76.00 | NOTE | |||
r-release-macos-x86_64 | 0.1.2 | 117.00 | NOTE | |||
r-release-windows-x86_64 | 0.1.2 | 29.00 | 208.00 | 237.00 | NOTE | |
r-oldrel-macos-arm64 | 0.1.2 | 74.00 | NOTE | |||
r-oldrel-macos-x86_64 | 0.1.2 | 110.00 | NOTE | |||
r-oldrel-windows-ix86+x86_64 | 0.1.2 | 49.00 | 205.00 | 254.00 | NOTE |
Version: 0.1.2
Check: LazyData
Result: NOTE
'LazyData' is specified without a 'data' directory
Flavors: r-devel-linux-x86_64-debian-clang, r-devel-linux-x86_64-debian-gcc, r-devel-linux-x86_64-fedora-clang, r-devel-linux-x86_64-fedora-gcc, r-devel-windows-x86_64, r-patched-linux-x86_64, r-release-linux-x86_64, r-release-macos-arm64, r-release-macos-x86_64, r-release-windows-x86_64, r-oldrel-macos-arm64, r-oldrel-macos-x86_64, r-oldrel-windows-ix86+x86_64