Last updated on 2022-08-15 08:49:52 CEST.
Flavor | Version | Tinstall | Tcheck | Ttotal | Status | Flags |
---|---|---|---|---|---|---|
r-devel-linux-x86_64-debian-clang | 0.0.61 | 25.74 | 31.64 | 57.38 | OK | |
r-devel-linux-x86_64-debian-gcc | 0.0.61 | 18.87 | 24.40 | 43.27 | OK | |
r-devel-linux-x86_64-fedora-clang | 0.0.61 | 80.90 | NOTE | |||
r-devel-linux-x86_64-fedora-gcc | 0.0.61 | 76.88 | OK | |||
r-devel-windows-x86_64 | 0.0.61 | 26.00 | 75.00 | 101.00 | OK | |
r-patched-linux-x86_64 | 0.0.61 | 22.65 | 31.05 | 53.70 | OK | |
r-release-linux-x86_64 | 0.0.61 | 22.63 | 30.98 | 53.61 | OK | |
r-release-macos-arm64 | 0.0.61 | 23.00 | OK | |||
r-release-macos-x86_64 | 0.0.61 | 34.00 | OK | |||
r-release-windows-x86_64 | 0.0.61 | 38.00 | 75.00 | 113.00 | OK | |
r-oldrel-macos-arm64 | 0.0.61 | 29.00 | OK | |||
r-oldrel-macos-x86_64 | 0.0.61 | 45.00 | OK | |||
r-oldrel-windows-ix86+x86_64 | 0.0.61 | 56.00 | 88.00 | 144.00 | OK |
Version: 0.0.61
Check: Rd cross-references
Result: NOTE
Undeclared package ‘data.table’ in Rd xrefs
Flavor: r-devel-linux-x86_64-fedora-clang