Last updated on 2022-08-15 08:49:52 CEST.
Flavor | Version | Tinstall | Tcheck | Ttotal | Status | Flags |
---|---|---|---|---|---|---|
r-devel-linux-x86_64-debian-clang | 0.4.0 | 6.69 | 110.05 | 116.74 | OK | |
r-devel-linux-x86_64-debian-gcc | 0.4.0 | 6.18 | 79.48 | 85.66 | OK | |
r-devel-linux-x86_64-fedora-clang | 0.4.0 | 142.64 | NOTE | |||
r-devel-linux-x86_64-fedora-gcc | 0.4.0 | 151.17 | OK | |||
r-devel-windows-x86_64 | 0.4.0 | 313.00 | 154.00 | 467.00 | NOTE | |
r-patched-linux-x86_64 | 0.4.0 | 10.92 | 109.40 | 120.32 | OK | |
r-release-linux-x86_64 | 0.4.0 | 7.87 | 108.52 | 116.39 | OK | |
r-release-macos-arm64 | 0.4.0 | 52.00 | NOTE | |||
r-release-macos-x86_64 | 0.4.0 | 65.00 | NOTE | |||
r-release-windows-x86_64 | 0.4.0 | 641.00 | 162.00 | 803.00 | NOTE | |
r-oldrel-macos-arm64 | 0.4.0 | 42.00 | NOTE | |||
r-oldrel-macos-x86_64 | 0.4.0 | 65.00 | NOTE | |||
r-oldrel-windows-ix86+x86_64 | 0.4.0 | 15.00 | 152.00 | 167.00 | NOTE |
Version: 0.4.0
Check: installed package size
Result: NOTE
installed size is 10.1Mb
sub-directories of 1Mb or more:
fonts 3.1Mb
lib 5.4Mb
Flavors: r-devel-linux-x86_64-fedora-clang, r-devel-windows-x86_64, r-release-macos-arm64, r-release-macos-x86_64, r-release-windows-x86_64, r-oldrel-macos-arm64, r-oldrel-macos-x86_64, r-oldrel-windows-ix86+x86_64