Last updated on 2022-08-15 08:49:52 CEST.
Flavor | Version | Tinstall | Tcheck | Ttotal | Status | Flags |
---|---|---|---|---|---|---|
r-devel-linux-x86_64-debian-clang | 0.0.2 | 11.21 | 30.21 | 41.42 | OK | |
r-devel-linux-x86_64-debian-gcc | 0.0.2 | 9.74 | 23.70 | 33.44 | OK | |
r-devel-linux-x86_64-fedora-clang | 0.0.2 | 62.34 | NOTE | |||
r-devel-linux-x86_64-fedora-gcc | 0.0.2 | 61.84 | NOTE | |||
r-devel-windows-x86_64 | 0.0.2 | 22.00 | 54.00 | 76.00 | OK | |
r-patched-linux-x86_64 | 0.0.2 | 12.45 | 30.08 | 42.53 | OK | |
r-release-linux-x86_64 | 0.0.2 | 11.78 | 29.48 | 41.26 | OK | |
r-release-macos-arm64 | 0.0.2 | 20.00 | NOTE | |||
r-release-macos-x86_64 | 0.0.2 | 27.00 | NOTE | |||
r-release-windows-x86_64 | 0.0.2 | 25.00 | 53.00 | 78.00 | OK | |
r-oldrel-macos-arm64 | 0.0.2 | 21.00 | NOTE | |||
r-oldrel-macos-x86_64 | 0.0.2 | 28.00 | NOTE | |||
r-oldrel-windows-ix86+x86_64 | 0.0.2 | 19.00 | 47.00 | 66.00 | OK |
Version: 0.0.2
Check: dependencies in R code
Result: NOTE
Namespaces in Imports field not imported from:
‘Matrix’ ‘grDevices’ ‘graphics’
All declared Imports should be used.
Flavors: r-devel-linux-x86_64-fedora-clang, r-devel-linux-x86_64-fedora-gcc, r-release-macos-arm64, r-release-macos-x86_64, r-oldrel-macos-arm64, r-oldrel-macos-x86_64