Last updated on 2022-08-15 08:49:52 CEST.
Flavor | Version | Tinstall | Tcheck | Ttotal | Status | Flags |
---|---|---|---|---|---|---|
r-devel-linux-x86_64-debian-clang | 1.0 | 9.58 | 73.84 | 83.42 | OK | |
r-devel-linux-x86_64-debian-gcc | 1.0 | 7.19 | 54.22 | 61.41 | OK | |
r-devel-linux-x86_64-fedora-clang | 1.0 | 109.05 | NOTE | |||
r-devel-linux-x86_64-fedora-gcc | 1.0 | 110.54 | NOTE | |||
r-devel-windows-x86_64 | 1.0 | 15.00 | 92.00 | 107.00 | OK | |
r-patched-linux-x86_64 | 1.0 | 7.36 | 73.30 | 80.66 | OK | |
r-release-linux-x86_64 | 1.0 | 8.40 | 68.41 | 76.81 | OK | |
r-release-macos-arm64 | 1.0 | 33.00 | NOTE | |||
r-release-macos-x86_64 | 1.0 | 60.00 | NOTE | |||
r-release-windows-x86_64 | 1.0 | 14.00 | 108.00 | 122.00 | OK | |
r-oldrel-macos-arm64 | 1.0 | 36.00 | NOTE | |||
r-oldrel-macos-x86_64 | 1.0 | 44.00 | NOTE | |||
r-oldrel-windows-ix86+x86_64 | 1.0 | 21.00 | 89.00 | 110.00 | OK |
Version: 1.0
Check: dependencies in R code
Result: NOTE
Namespaces in Imports field not imported from:
‘mvtnorm’ ‘ssmn’
All declared Imports should be used.
Flavors: r-devel-linux-x86_64-fedora-clang, r-devel-linux-x86_64-fedora-gcc, r-release-macos-arm64, r-release-macos-x86_64, r-oldrel-macos-arm64, r-oldrel-macos-x86_64