Last updated on 2022-08-15 08:49:52 CEST.
Flavor | Version | Tinstall | Tcheck | Ttotal | Status | Flags |
---|---|---|---|---|---|---|
r-devel-linux-x86_64-debian-clang | 1.1.0 | 5.93 | 44.04 | 49.97 | OK | |
r-devel-linux-x86_64-debian-gcc | 1.1.0 | 4.36 | 33.84 | 38.20 | OK | |
r-devel-linux-x86_64-fedora-clang | 1.1.0 | 70.30 | OK | |||
r-devel-linux-x86_64-fedora-gcc | 1.1.0 | 67.77 | OK | |||
r-devel-windows-x86_64 | 1.1.0 | 9.00 | 71.00 | 80.00 | OK | |
r-patched-linux-x86_64 | 1.1.0 | 6.93 | 43.17 | 50.10 | OK | |
r-release-linux-x86_64 | 1.1.0 | 6.36 | 41.67 | 48.03 | OK | |
r-release-macos-arm64 | 1.1.0 | 22.00 | NOTE | |||
r-release-macos-x86_64 | 1.1.0 | 32.00 | OK | |||
r-release-windows-x86_64 | 1.1.0 | 32.00 | 74.00 | 106.00 | OK | |
r-oldrel-macos-arm64 | 1.1.0 | 29.00 | OK | |||
r-oldrel-macos-x86_64 | 1.1.0 | 33.00 | OK | |||
r-oldrel-windows-ix86+x86_64 | 1.1.0 | 12.00 | 63.00 | 75.00 | OK |
Version: 1.1.0
Check: package dependencies
Result: NOTE
Packages suggested but not available for checking: 'graph', 'Rgraphviz'
Flavor: r-release-macos-arm64