Last updated on 2022-08-15 08:49:52 CEST.
Flavor | Version | Tinstall | Tcheck | Ttotal | Status | Flags |
---|---|---|---|---|---|---|
r-devel-linux-x86_64-debian-clang | 1.0.0 | 11.84 | 177.23 | 189.07 | OK | |
r-devel-linux-x86_64-debian-gcc | 1.0.0 | 10.49 | 131.61 | 142.10 | OK | |
r-devel-linux-x86_64-fedora-clang | 1.0.0 | 227.16 | NOTE | |||
r-devel-linux-x86_64-fedora-gcc | 1.0.0 | 241.83 | OK | |||
r-devel-windows-x86_64 | 1.0.0 | 72.00 | 215.00 | 287.00 | NOTE | |
r-patched-linux-x86_64 | 1.0.0 | 8.20 | 173.13 | 181.33 | OK | |
r-release-linux-x86_64 | 1.0.0 | 7.88 | 167.82 | 175.70 | OK | |
r-release-macos-arm64 | 1.0.0 | 69.00 | NOTE | |||
r-release-macos-x86_64 | 1.0.0 | 117.00 | NOTE | |||
r-release-windows-x86_64 | 1.0.0 | 102.00 | 220.00 | 322.00 | NOTE | |
r-oldrel-macos-arm64 | 1.0.0 | 66.00 | NOTE | |||
r-oldrel-macos-x86_64 | 1.0.0 | 92.00 | NOTE | |||
r-oldrel-windows-ix86+x86_64 | 1.0.0 | 28.00 | 244.00 | 272.00 | NOTE |
Version: 1.0.0
Check: package dependencies
Result: NOTE
Imports includes 31 non-default packages.
Importing from so many packages makes the package vulnerable to any of
them becoming unavailable. Move as many as possible to Suggests and
use conditionally.
Flavor: r-devel-linux-x86_64-fedora-clang
Version: 1.0.0
Check: installed package size
Result: NOTE
installed size is 6.1Mb
sub-directories of 1Mb or more:
doc 2.3Mb
extdata 3.4Mb
Flavors: r-devel-linux-x86_64-fedora-clang, r-devel-windows-x86_64, r-release-macos-arm64, r-release-macos-x86_64, r-release-windows-x86_64, r-oldrel-macos-arm64, r-oldrel-macos-x86_64, r-oldrel-windows-ix86+x86_64