Last updated on 2022-08-15 08:49:52 CEST.
Flavor | Version | Tinstall | Tcheck | Ttotal | Status | Flags |
---|---|---|---|---|---|---|
r-devel-linux-x86_64-debian-clang | 0.1 | 10.52 | 81.46 | 91.98 | OK | |
r-devel-linux-x86_64-debian-gcc | 0.1 | 8.41 | 59.24 | 67.65 | OK | |
r-devel-linux-x86_64-fedora-clang | 0.1 | 116.92 | OK | |||
r-devel-linux-x86_64-fedora-gcc | 0.1 | 113.33 | OK | |||
r-devel-windows-x86_64 | 0.1 | 23.00 | 100.00 | 123.00 | OK | |
r-patched-linux-x86_64 | 0.1 | 10.81 | 79.50 | 90.31 | OK | |
r-release-linux-x86_64 | 0.1 | 8.61 | 75.41 | 84.02 | OK | |
r-release-macos-arm64 | 0.1 | 31.00 | OK | |||
r-release-macos-x86_64 | 0.1 | 56.00 | OK | |||
r-release-windows-x86_64 | 0.1 | 22.00 | 105.00 | 127.00 | OK | |
r-oldrel-macos-arm64 | 0.1 | 48.00 | OK | |||
r-oldrel-macos-x86_64 | 0.1 | 52.00 | OK | |||
r-oldrel-windows-ix86+x86_64 | 0.1 | 42.00 | 9.00 | 51.00 | ERROR |
Version: 0.1
Check: whether package can be installed
Result: ERROR
Installation failed.
Flavor: r-oldrel-windows-ix86+x86_64